V/WifiStateTracker( 217): Changing supplicant state: SCANNING ==> INACTIVE
I/wpa_supplicant( 943): CTRL-EVENT-STATE-CHANGE id=-1 state=2 BSSID=00:00:00:00 :00:00
V/WifiMonitor( 217): Event [CTRL-EVENT-STATE-CHANGE id=-1 state=2 BSSID=00:00:0 0:00:00:00]
V/WifiStateTracker( 217): Changing supplicant state: INACTIVE ==> SCANNING
I/wpa_supplicant( 943): CTRL-EVENT-STATE-CHANGE id=-1 state=1 BSSID=00:00:00:00 :00:00
V/WifiMonitor( 217): Event [CTRL-EVENT-STATE-CHANGE id=-1 state=1 BSSID=00:00:0 0:00:00:00]
V/WifiStateTracker( 217): Changing supplicant state: SCANNING ==> INACTIVE
D/WifiService( 217): setting non adhoc network
D/WifiService( 217): setting non adhoc network
I/wpa_supplicant( 943): CTRL-EVENT-STATE-CHANGE id=-1 state=2 BSSID=00:00:00:00 :00:00
V/WifiMonitor( 217): Event [CTRL-EVENT-STATE-CHANGE id=-1 state=2 BSSID=00:00:0 0:00:00:00]
V/WifiStateTracker( 217): Changing supplicant state: INACTIVE ==> SCANNING
D/LatinIME( 402): mLongPressDelay = 400
D/LatinKeyboardBaseView( 402): mLongPressDelay = 400
D/PointerTracker( 402): mLongPressKeyTimeout = 400

D/PointerTracker( 402): mLongPressKeyTimeout = 400
I/wpa_supplicant( 943): Trying to associate with 00:25:9c:14:8e:10 (SSID='black b0x' freq=2462 MHz)
I/wpa_supplicant( 943): CTRL-EVENT-STATE-CHANGE id=-1 state=3 BSSID=00:25:9c:14 :8e:10
V/WifiMonitor( 217): Event [Trying to associate with 00:25:9c:14:8e:10 (SSID='b lackb0x' freq=2462 MHz)]
V/WifiMonitor( 217): Event [CTRL-EVENT-STATE-CHANGE id=-1 state=3 BSSID=00:25:9 c:14:8e:10]
I/wpa_supplicant( 943): CTRL-EVENT-STATE-CHANGE id=0 state=4 BSSID=00:25:9c:14: 8e:10
V/WifiMonitor( 217): Event [CTRL-EVENT-STATE-CHANGE id=0 state=4 BSSID=00:25:9c :14:8e:10]
I/wpa_supplicant( 943): Associated with 00:25:9c:14:8e:10
V/WifiMonitor( 217): Event [Associated with 00:25:9c:14:8e:10]
I/wpa_supplicant( 943): CTRL-EVENT-STATE-CHANGE id=0 state=5 BSSID=00:00:00:00: 00:00
V/WifiMonitor( 217): Event [CTRL-EVENT-STATE-CHANGE id=0 state=5 BSSID=00:00:00 :00:00:00]
I/wpa_supplicant( 943): CTRL-EVENT-STATE-CHANGE id=0 state=5 BSSID=00:00:00:00: 00:00
V/WifiMonitor( 217): Event [CTRL-EVENT-STATE-CHANGE id=0 state=5 BSSID=00:00:00 :00:00:00]
I/wpa_supplicant( 943): CTRL-EVENT-STATE-CHANGE id=0 state=6 BSSID=00:00:00:00: 00:00
V/WifiMonitor( 217): Event [CTRL-EVENT-STATE-CHANGE id=0 state=6 BSSID=00:00:00 :00:00:00]
I/wpa_supplicant( 943): WPA: Key negotiation completed with 00:25:9c:14:8e:10 [ PTK=CCMP GTK=TKIP]
V/WifiMonitor( 217): Event [WPA: Key negotiation completed with 00:25:9c:14:8e: 10 [PTK=CCMP GTK=TKIP]]
I/wpa_supplicant( 943): CTRL-EVENT-STATE-CHANGE id=0 state=7 BSSID=00:00:00:00: 00:00
V/WifiMonitor( 217): Event [CTRL-EVENT-STATE-CHANGE id=0 state=7 BSSID=00:00:00 :00:00:00]
I/wpa_supplicant( 943): CTRL-EVENT-CONNECTED - Connection to 00:25:9c:14:8e:10 completed (auth) [id=0 id_str=]
V/WifiMonitor( 217): Event [CTRL-EVENT-CONNECTED - Connection to 00:25:9c:14:8e :10 completed (auth) [id=0 id_str=]]
V/WifiStateTracker( 217): Changing supplicant state: SCANNING ==> ASSOCIATING
V/WifiStateTracker( 217): Changing supplicant state: ASSOCIATING ==> ASSOCIATED
V/WifiStateTracker( 217): Changing supplicant state: ASSOCIATED ==> FOUR_WAY_HA NDSHAKE
V/WifiStateTracker( 217): Changing supplicant state: FOUR_WAY_HANDSHAKE ==> FOU R_WAY_HANDSHAKE
V/WifiStateTracker( 217): Changing supplicant state: FOUR_WAY_HANDSHAKE ==> GRO UP_HANDSHAKE
V/WifiStateTracker( 217): Changing supplicant state: GROUP_HANDSHAKE ==> COMPLE TED
V/WifiStateTracker( 217): New network state is CONNECTED
D/WifiStateTracker( 217): DHCP request started
D/WifiStateTracker( 217): DHCP succeeded with lease: 345600
V/WifiStateTracker( 217): IP configuration: ipaddr 192.168.1.10 gateway 192.168 .1.1 netmask 255.255.255.0 dns1 192.168.1.1 dns2 0.0.0.0 DHCP server 192.168.1.1 lease 345600 seconds
D/CMStats ( 530): CONNECTIVITY_ACTION: noConnectivity = false
D/CMStats ( 530): CONNECTIVITY_ACTION: starting service
D/Tethering( 217): MasterInitialState.processMessage what=3
D/WifiWatchdogService( 217): (android.server.ServerThread) blackb0x (00:25:9c:1 4:8e:10) does not require the watchdog

I/MediaUploader( 905): No need to wake up
D/dalvikvm( 684): GC_CONCURRENT freed 942K, 47% free 3910K/7367K, external 3089 K/3591K, paused 2ms+5ms
D/dalvikvm( 217): GC_CONCURRENT freed 1833K, 45% free 5430K/9799K, external 291 8K/3634K, paused 2ms+5ms
I/ActivityManager( 217): Starting: Intent { act=android.intent.action.MAIN cat= [android.intent.category.LAUNCHER] flg=0x10200000 cmp=com.android.vending/.Asset BrowserActivity bnds=[245,586][355,704] } from pid 826
I/ActivityManager( 217): Starting: Intent { cmp=com.android.vending/.TosActivit y } from pid 778
D/dalvikvm( 778): GC_EXTERNAL_ALLOC freed 357K, 51% free 3150K/6407K, external 1096K/1102K, paused 24ms
D/dalvikvm( 778): GC_EXTERNAL_ALLOC freed 22K, 51% free 3182K/6407K, external 6 39K/645K, paused 21ms
D/dalvikvm( 778): GC_EXTERNAL_ALLOC freed 69K, 50% free 3243K/6407K, external 1 026K/1161K, paused 22ms
I/ActivityManager( 217): Displayed com.android.vending/.TosActivity: +230ms (to tal +491ms)
I/ActivityManager( 217): Starting: Intent { act=android.intent.action.MAIN cat= [android.intent.category.LAUNCHER] flg=0x10200000 cmp=com.android.vending/.Asset BrowserActivity bnds=[245,586][355,704] } from pid 778
I/ActivityManager( 217): Displayed com.android.vending/.AssetBrowserActivity: + 128ms
D/dalvikvm( 631): GC_EXPLICIT freed 107K, 51% free 2682K/5379K, external 0K/0K, paused 97ms
D/GpsLocationProvider( 217): NTP server returned: 1318128266684 (Sun Oct 09 02: 44:26 GMT+00:00 2011) reference: 394303 certainty: 52 system time offset: -37810 85
D/dalvikvm( 684): GC_EXPLICIT freed 151K, 48% free 3835K/7367K, external 2999K/ 3591K, paused 66ms
D/WifiService( 217): ACTION_BATTERY_CHANGED pluggedType: 0
W/vending ( 778): [28] RequestDispatcher.performRequestsOverNetwork(): IOExcept ion while performing API request: null
D/vending ( 778): [28] BaseAction.run(): IOException: java.net.SocketTimeoutExc eption
E/vending ( 778): [1] MetadataAndDownloadsAction.abortOnServerError(): Server e rror in InitializeMarketAction: java.net.SocketTimeoutException
D/dalvikvm( 693): GC_EXPLICIT freed 9K, 51% free 2743K/5575K, external 0K/0K, p aused 71ms
D/dalvikvm( 826): GC_EXPLICIT freed 390K, 46% free 3484K/6407K, external 6276K/ 7531K, paused 79ms
W/InputManagerService( 217): Window already focused, ignoring focus gain of: co m.android.internal.view.IInputMethodClient$Stub$Proxy@40985988
W/InputManagerService( 217): Window already focused, ignoring focus gain of: co m.android.internal.view.IInputMethodClient$Stub$Proxy@406e4858
D/dalvikvm( 890): GC_EXPLICIT freed 102K, 48% free 2869K/5511K, external 787K/1 043K, paused 70ms
W/vending ( 778): [31] RequestDispatcher.performRequestsOverNetwork(): IOExcept ion while performing API request: null
D/vending ( 778): [31] BaseAction.run(): IOException: java.net.SocketTimeoutExc eption
I/vending ( 778): [1] BaseAction.displayErrorUi(): Network error in com.android .vending.AssetBrowserActivity$NetworkDataLoadAction: java.net.SocketTimeoutExcep tion
D/dalvikvm( 778): GC_CONCURRENT freed 567K, 47% free 3470K/6535K, external 1293 K/1689K, paused 17ms+4ms
D/dalvikvm( 905): GC_EXPLICIT freed 89K, 50% free 2698K/5379K, external 0K/0K, paused 59ms
W/InputManagerService( 217): Window already focused, ignoring focus gain of: co m.android.internal.view.IInputMethodClient$Stub$Proxy@4080bec0

D/dalvikvm( 778): GC_CONCURRENT freed 474K, 46% free 3601K/6599K, external 1280 K/1689K, paused 3ms+3ms
D/dalvikvm( 778): GC_CONCURRENT freed 506K, 45% free 3746K/6791K, external 1488 K/1689K, paused 2ms+3ms
D/dalvikvm( 778): GC_EXTERNAL_ALLOC freed 221K, 46% free 3721K/6791K, external 1672K/1689K, paused 24ms
D/dalvikvm( 477): GC_EXPLICIT freed 116K, 55% free 2990K/6535K, external 0K/0K, paused 56ms
D/dalvikvm( 522): GC_EXPLICIT freed 42K, 52% free 2842K/5831K, external 0K/0K, paused 62ms
D/WifiService( 217): ACTION_BATTERY_CHANGED pluggedType: 0
I/ActivityManager( 217): Starting: Intent { act=com.android.launcher.action.lau ncheraction flg=0x10000000 cmp=com.android.launcher/.CustomShirtcutActivity bnds =[192,723][288,800] (has extras) } from pid 826
W/InputManagerService( 217): Window already focused, ignoring focus gain of: co m.android.internal.view.IInputMethodClient$Stub$Proxy@4061cad0
I/ActivityManager( 217): Starting: Intent { act=android.intent.action.MAIN cat= [android.intent.category.LAUNCHER] flg=0x10200000 cmp=com.android.vending/.Asset BrowserActivity bnds=[245,586][355,704] } from pid 826
I/ActivityManager( 217): Displayed com.android.vending/.AssetBrowserActivity: + 108ms (total +2s468ms)
D/dalvikvm( 778): GC_CONCURRENT freed 758K, 47% free 3805K/7047K, external 1882 K/2208K, paused 2ms+5ms
D/dalvikvm( 778): GC_EXTERNAL_ALLOC freed 700K, 48% free 3721K/7047K, external 1679K/1714K, paused 29ms
D/LatinIME( 402): mLongPressDelay = 400
D/LatinKeyboardBaseView( 402): mLongPressDelay = 400
D/PointerTracker( 402): mLongPressKeyTimeout = 400
D/PointerTracker( 402): mLongPressKeyTimeout = 400
D/dalvikvm( 402): GC_EXTERNAL_ALLOC freed 233K, 54% free 2947K/6343K, external 3460K/3558K, paused 52ms
D/dalvikvm( 778): GC_CONCURRENT freed 798K, 46% free 3911K/7239K, external 1916 K/2107K, paused 2ms+3ms
D/SearchDialog( 778): launching Intent { act=android.intent.action.SEARCH flg=0 x10000000 cmp=com.android.vending/.SearchAssetListActivity (has extras) }
I/SearchDialog( 778): Starting (as ourselves) #Intent;action=android.intent.act ion.SEARCH;launchFlags=0x10000000;component=com.android.vending/.SearchAssetList Activity;S.query=es%20file%20explorer;S.user_query=es%20fil;end
I/ActivityManager( 217): Starting: Intent { act=android.intent.action.SEARCH fl g=0x10000000 cmp=com.android.vending/.SearchAssetListActivity (has extras) } fro m pid 778
D/LatinIME( 402): mLongPressDelay = 400
D/LatinKeyboardBaseView( 402): mLongPressDelay = 400
D/PointerTracker( 402): mLongPressKeyTimeout = 400
D/PointerTracker( 402): mLongPressKeyTimeout = 400
I/ActivityManager( 217): Displayed com.android.vending/.SearchAssetListActivity : +101ms
D/dalvikvm( 447): GC_CONCURRENT freed 602K, 45% free 3905K/7047K, external 612K /1098K, paused 8ms+4ms
D/dalvikvm( 778): GC_CONCURRENT freed 634K, 43% free 4257K/7431K, external 1810 K/2107K, paused 2ms+3ms
I/ActivityManager( 217): Starting: Intent { act=android.intent.action.VIEW cmp= com.android.vending/.AssetInfoActivity (has extras) } from pid 778
D/dalvikvm( 778): GC_EXPLICIT freed 541K, 44% free 4210K/7495K, external 1829K/ 2107K, paused 29ms
I/dalvikvm( 778): Jit: resizing JitTable from 4096 to 8192
I/ActivityManager( 217): Displayed com.android.vending/.AssetInfoActivity: +647 ms
D/dalvikvm( 778): GC_EXTERNAL_ALLOC freed 779K, 43% free 4483K/7751K, external 2089K/2107K, paused 30ms

I/installd( 115): free_cache(1987217) avail 173543424
D/vending ( 778): [34] LocalAssetDatabase.notifyListener(): -697161982480202203 3 / DOWNLOAD_PENDING
I/ActivityManager( 217): Starting: Intent { act=com.android.launcher.action.lau ncheraction flg=0x10000000 cmp=com.android.launcher/.CustomShirtcutActivity bnds =[192,723][288,800] (has extras) } from pid 826
W/InputManagerService( 217): Window already focused, ignoring focus gain of: co m.android.internal.view.IInputMethodClient$Stub$Proxy@4086f088
D/szipinf ( 217): Initializing inflate state
I/ActivityManager( 217): Starting: Intent { act=android.intent.action.MAIN cat= [android.intent.category.LAUNCHER] flg=0x10200000 cmp=org.openintents.cmfilemana ger/.FileManagerActivity } from pid 826
I/ActivityManager( 217): Start proc org.openintents.cmfilemanager for activity org.openintents.cmfilemanager/.FileManagerActivity: pid=1022 uid=10028 gids={101 5}
D/szipinf ( 1022): Initializing inflate state
I/ActivityThread( 1022): Pub org.openintents.cmfilemanager: org.openintents.cmfi lemanager.FileManagerProvider
D/dalvikvm( 1022): GC_EXTERNAL_ALLOC freed 55K, 50% free 2698K/5379K, external 0 K/0K, paused 20ms
D/dalvikvm( 1022): GC_EXTERNAL_ALLOC freed 17K, 50% free 2736K/5379K, external 5 08K/519K, paused 18ms
V/OIFM_DirScanner( 1022): Scanning directory /mnt/sdcard
V/OIFM_DirScanner( 1022): Returned null - inaccessible directory?
V/OIFM_DirScanner( 1022): Counting files... (total count=0)
V/OIFM_DirScanner( 1022): Sorting results...
V/OIFM_DirScanner( 1022): Sending data back to main thread
V/OIFM_ThumbnailLoader( 1022): Scanning for thumbnails (files=0)
V/OIFM_ThumbnailLoader( 1022): Done scanning for thumbnails
I/ActivityManager( 217): Displayed org.openintents.cmfilemanager/.FileManagerAc tivity: +221ms (total +1s653ms)
V/OIFM_DirScanner( 1022): Scanning directory /mnt
V/OIFM_DirScanner( 1022): Counting files... (total count=5)
V/OIFM_DirScanner( 1022): Sorting results...
V/OIFM_DirScanner( 1022): Sending data back to main thread
V/OIFM_ThumbnailLoader( 1022): Scanning for thumbnails (files=0)
V/OIFM_ThumbnailLoader( 1022): Done scanning for thumbnails
V/OIFM_DirScanner( 1022): Scanning directory /mnt/sdcard
V/OIFM_DirScanner( 1022): Returned null - inaccessible directory?
V/OIFM_DirScanner( 1022): Counting files... (total count=0)
V/OIFM_DirScanner( 1022): Sorting results...
V/OIFM_DirScanner( 1022): Sending data back to main thread
V/OIFM_ThumbnailLoader( 1022): Scanning for thumbnails (files=0)
V/OIFM_ThumbnailLoader( 1022): Done scanning for thumbnails
V/OIFM_DirScanner( 1022): Scanning directory /mnt
V/OIFM_DirScanner( 1022): Counting files... (total count=5)
V/OIFM_DirScanner( 1022): Sorting results...
V/OIFM_DirScanner( 1022): Sending data back to main thread
V/OIFM_ThumbnailLoader( 1022): Scanning for thumbnails (files=0)
V/OIFM_ThumbnailLoader( 1022): Done scanning for thumbnails
D/dalvikvm( 778): GC_EXPLICIT freed 661K, 44% free 4393K/7751K, external 2572K/ 2680K, paused 128ms
V/OIFM_DirScanner( 1022): Scanning directory /
V/OIFM_DirScanner( 1022): Counting files... (total count=29)
D/dalvikvm( 1022): GC_CONCURRENT freed 248K, 49% free 2914K/5639K, external 802K /1042K, paused 2ms+2ms
V/OIFM_DirScanner( 1022): Sorting results...
V/OIFM_DirScanner( 1022): Sending data back to main thread
V/OIFM_ThumbnailLoader( 1022): Scanning for thumbnails (files=10)
D/skia ( 1022): --- SkImageDecoder::Factory returned null

D/skia ( 1022): --- SkImageDecoder::Factory returned null
D/skia ( 1022): --- SkImageDecoder::Factory returned null
D/skia ( 1022): --- SkImageDecoder::Factory returned null
D/skia ( 1022): --- SkImageDecoder::Factory returned null
D/skia ( 1022): --- SkImageDecoder::Factory returned null
V/OIFM_ThumbnailLoader( 1022): Done scanning for thumbnails
D/dalvikvm( 1022): GC_EXTERNAL_ALLOC freed 383K, 51% free 2890K/5831K, external 1030K/1042K, paused 27ms
D/dalvikvm( 530): GC_EXPLICIT freed 12K, 50% free 2741K/5379K, external 410K/51 9K, paused 71ms
W/IInputConnectionWrapper( 1022): showStatusIcon on inactive InputConnection
I/ActivityManager( 217): No longer want com.cooliris.media (pid 693): hidden #1 6
E/vending ( 778): [37] AccountManagerHelper.getAuthTokenBlocking(): Could not g et auth token: java.io.IOException
I/vending ( 778): [37] DownloadManagerUtil.enqueueDownload(): Enqueue for downl oad com.android.vending.util.DownloadManagerUtil$Request@4072e0d8
I/DownloadManager( 522): Initiating request for download 1
D/dalvikvm( 522): GC_CONCURRENT freed 277K, 50% free 2960K/5831K, external 0K/0 K, paused 8ms+2ms
W/DownloadManager( 522): Aborting request for download 1: http error 403
D/vending ( 778): [49] AssetDownloader.downloadAndInstall(): Initiating Downloa d for 1 applications.
I/vending ( 778): [49] DownloadManagerUtil.enqueueDownload(): Enqueue for downl oad com.android.vending.util.DownloadManagerUtil$Request@40688868
D/vending ( 778): [49] LocalAssetDatabase.notifyListener(): -697161982480202203 3 / null
D/vending ( 778): [49] LocalAssetDatabase.notifyListener(): -697161982480202203 3 / DOWNLOADING
D/dalvikvm( 217): GC_EXPLICIT freed 1192K, 46% free 5388K/9799K, external 2918K /3634K, paused 61ms
D/szipinf ( 391): Initializing inflate state
I/ActivityManager( 217): Starting: Intent { act=android.settings.SETTINGS flg=0 x10200000 cmp=com.android.settings/.Settings } from pid 826
I/ActivityManager( 217): Displayed com.android.settings/.Settings: +136ms
I/DownloadManager( 522): Initiating request for download 2
I/DownloadManager( 522): Initiating request for download 2
W/InputManagerService( 217): Window already focused, ignoring focus gain of: co m.android.internal.view.IInputMethodClient$Stub$Proxy@40898810
D/dalvikvm( 391): GC_CONCURRENT freed 375K, 49% free 3109K/6023K, external 1250 K/1616K, paused 2ms+4ms
D/vending ( 778): [50] DownloadManagerBroadcastReceiver.handleDownloadCompleted Action(): Got a download completed intent.
I/vending ( 778): [50] DownloadManagerBroadcastReceiver.startNextDownload(): Fo und Paused URI null
I/vending ( 778): [50] DownloadManagerBroadcastReceiver.startNextDownload(): No more paused downloads.
D/vending ( 778): [50] LocalAssetDatabase.notifyListener(): -697161982480202203 3 / null
D/vending ( 778): [50] DownloadManagerBroadcastReceiver.installFromUri(): Calli ng install uri=content://downloads/my_downloads/2 src=null asset=-69716198248020 22033 (com.estrongs.android.pop:0) [DOWNLOADING] name=ES File Explorer last=TRUE
D/dalvikvm( 522): GC_CONCURRENT freed 292K, 48% free 3069K/5895K, external 0K/0 K, paused 2ms+10ms
D/vending ( 778): [50] LocalAssetDatabase.notifyListener(): -697161982480202203 3 / INSTALLING
D/vending ( 778): [50] VendingNotificationManager.showNotification(): Showing n otification: [AssetID=-6971619824802022033, NotificationID=-1618197580, Title=ES File Explorer, Message=Installing ]
I/ActivityManager( 217): Start proc com.android.defcontainer for service com.an

droid.defcontainer/.DefaultContainerService: pid=1060 uid=10022 gids={1015, 2001 }
D/dalvikvm( 1060): GC_EXPLICIT freed 51K, 51% free 2676K/5379K, external 0K/0K, paused 24ms
W/ActivityManager( 217): No content provider found for:
W/ActivityManager( 217): No content provider found for:
D/PackageParser( 217): Scanning package: /data/app/vmdl33015796.tmp
D/szipinf ( 217): Initializing inflate state
I/dalvikvm( 217): Total arena pages for JIT: 11
D/dalvikvm( 217): GC_FOR_MALLOC freed 563K, 44% free 5491K/9799K, external 2918 K/3634K, paused 53ms
D/dalvikvm( 217): GC_FOR_MALLOC freed 117K, 45% free 5479K/9799K, external 2910 K/3634K, paused 51ms
I/ActivityManager( 217): Starting: Intent { act=android.intent.action.MAIN cmp= com.cyanogenmod.cmparts/.activities.MainActivity } from pid 684
I/ActivityManager( 217): Displayed com.cyanogenmod.cmparts/.activities.MainActi vity: +112ms
I/dalvikvm( 217): Jit: resizing JitTable from 8192 to 16384
D/dalvikvm( 217): GC_FOR_MALLOC freed 162K, 43% free 5681K/9799K, external 2910 K/3634K, paused 34ms
D/dalvikvm( 217): GC_FOR_MALLOC freed 459K, 41% free 5783K/9799K, external 2910 K/3634K, paused 36ms
D/dalvikvm( 217): GC_FOR_MALLOC freed 412K, 41% free 5786K/9799K, external 2910 K/3634K, paused 35ms
D/dalvikvm( 217): GC_FOR_MALLOC freed 412K, 41% free 5788K/9799K, external 2910 K/3634K, paused 40ms
D/dalvikvm( 217): GC_FOR_MALLOC freed 411K, 41% free 5791K/9799K, external 2910 K/3634K, paused 35ms
D/dalvikvm( 217): GC_FOR_MALLOC freed 412K, 41% free 5794K/9799K, external 2910 K/3634K, paused 36ms
D/dalvikvm( 217): GC_FOR_MALLOC freed 412K, 41% free 5798K/9799K, external 2910 K/3634K, paused 40ms
D/dalvikvm( 217): GC_FOR_MALLOC freed 413K, 41% free 5800K/9799K, external 2910 K/3634K, paused 35ms
D/dalvikvm( 217): GC_FOR_MALLOC freed 414K, 41% free 5803K/9799K, external 2910 K/3634K, paused 35ms
D/PackageManager( 217): Scanning package com.estrongs.android.pop
D/installd( 115): DexInv: --- BEGIN '/data/app/com.estrongs.android.pop-1.apk' --D/dalvikvm( 1069): creating instr width table
D/dalvikvm( 890): GC_EXTERNAL_ALLOC freed 155K, 49% free 2865K/5511K, external 969K/1013K, paused 38ms
D/dalvikvm( 1069): DexOpt: 'Lorg/apache/commons/logging/LogFactory;' has an earl ier definition; blocking out
D/WifiService( 217): ACTION_BATTERY_CHANGED pluggedType: 0
I/dalvikvm( 1069): DexOpt: not resolving ambiguous class 'Lorg/apache/commons/lo gging/LogFactory;'
I/dalvikvm( 1069): DexOpt: not resolving ambiguous class 'Lorg/apache/commons/lo gging/LogFactory;'
I/dalvikvm( 1069): DexOpt: not resolving ambiguous class 'Lorg/apache/commons/lo gging/LogFactory;'
I/dalvikvm( 1069): DexOpt: not resolving ambiguous class 'Lorg/apache/commons/lo gging/LogFactory;'
I/dalvikvm( 1069): DexOpt: not resolving ambiguous class 'Lorg/apache/commons/lo gging/LogFactory;'
I/dalvikvm( 1069): DexOpt: not resolving ambiguous class 'Lorg/apache/commons/lo gging/LogFactory;'
I/dalvikvm( 1069): DexOpt: not resolving ambiguous class 'Lorg/apache/commons/lo gging/LogFactory;'
I/dalvikvm( 1069): DexOpt: not resolving ambiguous class 'Lorg/apache/commons/lo

gging/LogFactory;'
I/dalvikvm( 1069): DexOpt: not resolving ambiguous class 'Lorg/apache/commons/lo gging/LogFactory;'
I/ActivityManager( 217): Starting: Intent { act=android.intent.action.MAIN cmp= com.cyanogenmod.cmparts/.activities.ApplicationActivity } from pid 890
I/ActivityManager( 217): Displayed com.cyanogenmod.cmparts/.activities.Applicat ionActivity: +292ms
D/dalvikvm( 1069): DexOpt: not verifying 'Lorg/apache/commons/logging/LogFactory ;': multiple definitions
I/dalvikvm( 1069): DexOpt: not resolving ambiguous class 'Lorg/apache/commons/lo gging/LogFactory;'
I/dalvikvm( 1069): DexOpt: not resolving ambiguous class 'Lorg/apache/commons/lo gging/LogFactory;'
I/dalvikvm( 1069): DexOpt: not resolving ambiguous class 'Lorg/apache/commons/lo gging/LogFactory;'
I/dalvikvm( 1069): DexOpt: not resolving ambiguous class 'Lorg/apache/commons/lo gging/LogFactory;'
I/dalvikvm( 1069): DexOpt: not resolving ambiguous class 'Lorg/apache/commons/lo gging/LogFactory;'
I/dalvikvm( 1069): DexOpt: not resolving ambiguous class 'Lorg/apache/commons/lo gging/LogFactory;'
I/dalvikvm( 1069): DexOpt: not resolving ambiguous class 'Lorg/apache/commons/lo gging/LogFactory;'
I/dalvikvm( 1069): DexOpt: not resolving ambiguous class 'Lorg/apache/commons/lo gging/LogFactory;'
I/dalvikvm( 1069): DexOpt: not resolving ambiguous class 'Lorg/apache/commons/lo gging/LogFactory;'
I/dalvikvm( 1069): DexOpt: not resolving ambiguous class 'Lorg/apache/commons/lo gging/LogFactory;'
I/dalvikvm( 1069): DexOpt: not resolving ambiguous class 'Lorg/apache/commons/lo gging/LogFactory;'
I/dalvikvm( 1069): DexOpt: not resolving ambiguous class 'Lorg/apache/commons/lo gging/LogFactory;'
I/dalvikvm( 1069): DexOpt: not resolving ambiguous class 'Lorg/apache/commons/lo gging/LogFactory;'
I/dalvikvm( 1069): DexOpt: not resolving ambiguous class 'Lorg/apache/commons/lo gging/LogFactory;'
I/dalvikvm( 1069): DexOpt: not resolving ambiguous class 'Lorg/apache/commons/lo gging/LogFactory;'
D/dalvikvm( 1069): DexOpt: load 248ms, verify+opt 1855ms
D/installd( 115): DexInv: --- END '/data/app/com.estrongs.android.pop-1.apk' (s uccess) --I/PackageManager( 217): Unpacking native libraries for /data/app/com.estrongs.a ndroid.pop-1.apk
D/installd( 115): DexInv: --- BEGIN '/data/app/com.estrongs.android.pop-1.apk' --D/dalvikvm( 1071): creating instr width table
D/dalvikvm( 1071): DexOpt: 'Lorg/apache/commons/logging/LogFactory;' has an earl ier definition; blocking out
I/dalvikvm( 1071): DexOpt: not resolving ambiguous class 'Lorg/apache/commons/lo gging/LogFactory;'
I/dalvikvm( 1071): DexOpt: not resolving ambiguous class 'Lorg/apache/commons/lo gging/LogFactory;'
I/dalvikvm( 1071): DexOpt: not resolving ambiguous class 'Lorg/apache/commons/lo gging/LogFactory;'
I/dalvikvm( 1071): DexOpt: not resolving ambiguous class 'Lorg/apache/commons/lo gging/LogFactory;'
I/dalvikvm( 1071): DexOpt: not resolving ambiguous class 'Lorg/apache/commons/lo gging/LogFactory;'
I/dalvikvm( 1071): DexOpt: not resolving ambiguous class 'Lorg/apache/commons/lo

gging/LogFactory;'
I/dalvikvm( 1071): DexOpt: not resolving ambiguous class 'Lorg/apache/commons/lo gging/LogFactory;'
I/dalvikvm( 1071): DexOpt: not resolving ambiguous class 'Lorg/apache/commons/lo gging/LogFactory;'
I/dalvikvm( 1071): DexOpt: not resolving ambiguous class 'Lorg/apache/commons/lo gging/LogFactory;'
D/dalvikvm( 1071): DexOpt: not verifying 'Lorg/apache/commons/logging/LogFactory ;': multiple definitions
I/dalvikvm( 1071): DexOpt: not resolving ambiguous class 'Lorg/apache/commons/lo gging/LogFactory;'
I/dalvikvm( 1071): DexOpt: not resolving ambiguous class 'Lorg/apache/commons/lo gging/LogFactory;'
I/dalvikvm( 1071): DexOpt: not resolving ambiguous class 'Lorg/apache/commons/lo gging/LogFactory;'
I/dalvikvm( 1071): DexOpt: not resolving ambiguous class 'Lorg/apache/commons/lo gging/LogFactory;'
I/dalvikvm( 1071): DexOpt: not resolving ambiguous class 'Lorg/apache/commons/lo gging/LogFactory;'
I/dalvikvm( 1071): DexOpt: not resolving ambiguous class 'Lorg/apache/commons/lo gging/LogFactory;'
I/dalvikvm( 1071): DexOpt: not resolving ambiguous class 'Lorg/apache/commons/lo gging/LogFactory;'
I/dalvikvm( 1071): DexOpt: not resolving ambiguous class 'Lorg/apache/commons/lo gging/LogFactory;'
I/dalvikvm( 1071): DexOpt: not resolving ambiguous class 'Lorg/apache/commons/lo gging/LogFactory;'
I/dalvikvm( 1071): DexOpt: not resolving ambiguous class 'Lorg/apache/commons/lo gging/LogFactory;'
I/dalvikvm( 1071): DexOpt: not resolving ambiguous class 'Lorg/apache/commons/lo gging/LogFactory;'
I/dalvikvm( 1071): DexOpt: not resolving ambiguous class 'Lorg/apache/commons/lo gging/LogFactory;'
I/dalvikvm( 1071): DexOpt: not resolving ambiguous class 'Lorg/apache/commons/lo gging/LogFactory;'
I/dalvikvm( 1071): DexOpt: not resolving ambiguous class 'Lorg/apache/commons/lo gging/LogFactory;'
I/dalvikvm( 1071): DexOpt: not resolving ambiguous class 'Lorg/apache/commons/lo gging/LogFactory;'
D/dalvikvm( 1071): DexOpt: load 97ms, verify+opt 1009ms
D/installd( 115): DexInv: --- END '/data/app/com.estrongs.android.pop-1.apk' (s uccess) --I/ActivityManager( 217): Force stopping package com.estrongs.android.pop uid=10 058
D/PackageManager( 217): Registered content provider: com.estrongs.android.provi der.fex, className = com.estrongs.android.pop.FexProvider, isSyncable = false
D/PackageManager( 217): Registered content provider: com.estrongs.files, classN ame = com.estrongs.android.pop.app.FileContentProvider, isSyncable = false
D/PackageManager( 217): Providers: com.estrongs.android.pop.FexProvider com.e strongs.android.pop.app.FileContentProvider
D/PackageManager( 217): Services: com.estrongs.android.pop.bt.OBEXFtpServerSe rvice com.estrongs.android.pop.scanner.WifiNetworkScannerService com.estrongs.an droid.pop.app.ArchiveService com.estrongs.android.pop.app.AudioPlayerService
D/PackageManager( 217): Receivers: com.estrongs.android.pop.scanner.WifiState Receiver
D/PackageManager( 217): Activities: com.estrongs.android.pop.view.FileExplore rActivity com.estrongs.android.pop.view.CreateSmbServerActivity com.estrongs.and roid.pop.view.CreateFtpServerActivity com.estrongs.android.pop.view.CreateNetDis kActivity com.estrongs.android.pop.view.ImageMenuActivity com.estrongs.android.p op.view.Downloader com.estrongs.android.pop.view.ChangePermActivity com.estrongs

.android.pop.view.PopPreferenceActivity com.estrongs.android.pop.view.HelpActivi ty com.estrongs.android.pop.app.PopNoteEditor com.estrongs.android.pop.app.Image Browser com.estrongs.android.pop.app.PopRemoteImageBrowser com.estrongs.android. pop.app.PopVideoPlayer com.estrongs.android.pop.app.AudioPlaylistPlayer com.estr ongs.android.pop.app.StreamingMediaPlayer com.estrongs.android.pop.view.TitleEdi tor com.estrongs.android.pop.view.SupportActivity com.estrongs.android.pop.view. ConfirmTaskCancelDialog com.estrongs.android.pop.view.SearchConditionView com.es trongs.android.pop.view.SearchAdvanceConditionView com.estrongs.android.pop.view .NewUserView com.estrongs.android.pop.view.Property com.estrongs.android.pop.vie w.MultiFilesProperty com.estrongs.android.pop.app.ZipViewer com.estrongs.android .pop.app.CompressActivity com.estrongs.android.pop.app.ArchiveExtractEditActivit y com.estrongs.android.pop.app.ArchiveProgressActivity com.estrongs.android.pop. app.diskusage.DiskUsageActivity com.estrongs.android.pop.app.imageviewer.CropIma ge com.estrongs.android.pop.app.imageviewer.ViewImage21 com.estrongs.android.pop .app.imageviewer.ViewImage com.estrongs.android.pop.app.imageviewer.Wallpaper co m.google.ads.AdActivity
I/installd( 115): move /data/dalvik-cache/data@app@com.estrongs.android.pop-1.a pk@classes.dex -> /data/dalvik-cache/data@app@com.estrongs.android.pop-1.apk@cla sses.dex
D/PackageManager( 217): New package installed in /data/app/com.estrongs.android .pop-1.apk
W/PackageManager( 217): Unknown permission com.estrongs.android.pop.PERMISSION in package com.estrongs.android.pop
D/szipinf ( 217): Initializing inflate state
D/HomeLoaders( 826): application intent received: android.intent.action.PACKAGE _ADDED, replacing=false
D/HomeLoaders( 826): --> package:com.estrongs.android.pop
D/HomeLoaders( 826): --> add package
D/szipinf ( 217): Initializing inflate state
D/szipinf ( 217): Initializing inflate state
D/dalvikvm( 217): GC_EXPLICIT freed 665K, 39% free 6017K/9799K, external 2910K/ 3634K, paused 45ms
D/szipinf ( 826): Initializing inflate state
W/RecognitionManagerService( 217): no available voice recognition services foun d
D/vending ( 778): [8] MyPackageInstallObserver.packageInstalled(): Package 'com .estrongs.android.pop' installed!
D/vending ( 778): [8] MyPackageInstallObserver.packageInstalled(): Source=null last=TRUE asset=-6971619824802022033 (com.estrongs.android.pop:0) [DOWNLOADING]
D/szipinf ( 217): Initializing inflate state
D/vending ( 778): [8] VendingNotificationManager.showNotification(): Showing no tification: [AssetID=-6971619824802022033, NotificationID=-1618197580, Title=ES File Explorer, Message=Successfully installed.]
D/szipinf ( 217): Initializing inflate state
D/szipinf ( 217): Initializing inflate state
D/szipinf ( 217): Initializing inflate state
I/ActivityManager( 217): Start proc com.svox.pico for broadcast com.svox.pico/. VoiceDataInstallerReceiver: pid=1072 uid=10039 gids={}
D/dalvikvm( 112): GC_EXPLICIT freed 10K, 51% free 2667K/5379K, external 0K/0K, paused 43ms
I/ActivityThread( 1072): Pub com.svox.pico.providers.SettingsProvider: com.svox. pico.providers.SettingsProvider
D/dalvikvm( 112): GC_EXPLICIT freed <1K, 51% free 2667K/5379K, external 0K/0K, paused 54ms
D/dalvikvm( 112): GC_EXPLICIT freed <1K, 51% free 2667K/5379K, external 0K/0K, paused 26ms
I/ActivityManager( 217): Start proc com.google.android.partnersetup for broadca st com.google.android.partnersetup/.AppInstalledReceiver: pid=1080 uid=10042 gid s={}
I/ActivityManager( 217): No longer want com.android.deskclock (pid 561): hidden

#16
I/ActivityManager( 217): Start proc com.noshufou.android.su for broadcast com.n oshufou.android.su/.InstallReceiver: pid=1088 uid=10047 gids={3003, 1015}
I/ActivityManager( 217): No longer want com.android.music (pid 856): hidden #16
I/ActivityThread( 1088): Pub com.noshufou.android.su.provider: com.noshufou.andr oid.su.provider.PermissionsProvider
I/ActivityManager( 217): Start proc com.tmobile.thememanager for broadcast com. tmobile.thememanager/.receiver.ThemePackageReceiver: pid=1096 uid=1300 gids={-1}
I/ActivityManager( 217): No longer want com.android.protips (pid 846): hidden # 16
I/ActivityThread( 1096): Pub com.tmobile.thememanager.themes: com.tmobile.themem anager.provider.ThemesProvider
I/ActivityThread( 1096): Pub com.tmobile.thememanager.packageresources: com.tmob ile.thememanager.provider.PackageResourcesProvider
D/VoiceDialerReceiver( 631): onReceive Intent { act=android.intent.action.PACKA GE_ADDED dat=package:com.estrongs.android.pop flg=0x10000000 cmp=com.android.voi cedialer/.VoiceDialerReceiver (has extras) }
V/RecognizerEngine( 631): deleteCachedGrammarFiles /data/data/com.android.voice dialer/files/openentries.txt
D/vending ( 778): [51] LocalAssetDatabase.notifyListener(): -697161982480202203 3 / INSTALLED
I/ThemeManager( 1096): ThemesProvider out of sync: inserting com.tmobile.theme.A ndroidian/Androidian
D/szipinf ( 1096): Initializing inflate state
I/ThemeManager( 1096): ThemesProvider out of sync: inserting com.tmobile.theme.C yanbread/Cyanbread
D/szipinf ( 1096): Initializing inflate state
I/ThemeManager( 1096): VerifyInstalledThemesThread took 189 ms.
D/szipinf ( 477): Initializing inflate state
D/szipinf ( 477): Initializing inflate state
D/szipinf ( 477): Initializing inflate state
D/szipinf ( 477): Initializing inflate state
D/szipinf ( 477): Initializing inflate state
D/szipinf ( 477): Initializing inflate state
D/szipinf ( 477): Initializing inflate state
D/szipinf ( 477): Initializing inflate state
D/szipinf ( 477): Initializing inflate state
D/szipinf ( 477): Initializing inflate state
D/szipinf ( 477): Initializing inflate state
D/szipinf ( 477): Initializing inflate state
D/szipinf ( 477): Initializing inflate state
D/szipinf ( 477): Initializing inflate state
I/ActivityManager( 217): No longer want com.cyanogenmod.CMWallpapers (pid 875): hidden #16
D/szipinf ( 477): Initializing inflate state
I/ActivityManager( 217): Start proc com.cyanogenmod.android.fotakill for broadc ast com.cyanogenmod.android.fotakill/.FOTAKillReceiver: pid=1111 uid=10019 gids= {}
V/FOTAKill( 1111): Killing FOTA
I/ActivityManager( 217): No longer want com.android.wallpaper (pid 401): hidden #16
I/GservicesProvider( 447): override update completed
D/dalvikvm( 447): GC_CONCURRENT freed 538K, 46% free 3872K/7047K, external 612K /1098K, paused 2ms+12ms
V/update.Download( 447): deleting all update downloads
I/ActivityManager( 217): Starting: Intent { flg=0x10000000 cmp=com.google.andro id.gsf/.update.SystemUpdateInstallDialog } from pid 447
I/CheckinService( 447): Preparing to send checkin request
I/EventLogService( 447): Accumulating logs since 1318131773892
I/ActivityManager( 217): No longer want com.android.providers.calendar (pid 541

): hidden #16
D/dalvikvm( 1080): GC_CONCURRENT freed 400K, 52% free 2723K/5639K, external 0K/0 K, paused 2ms+5ms
D/ResourceType( 447): calling getConfigurations
D/ResourceType( 447): called getConfigurations size=225
I/CheckinTask( 447): Sending checkin request (3969 bytes)
D/dalvikvm( 447): GC_CONCURRENT freed 435K, 45% free 3925K/7047K, external 644K /1098K, paused 5ms+2ms
D/ResourceType( 447): calling getConfigurations
D/ResourceType( 447): called getConfigurations size=225
I/CheckinTask( 447): Checkin success: https://android.clients.google.com/checki n (1 requests sent)
I/CheckinService( 447): From server: Intent { act=android.server.checkin.FOTA_C ANCEL }
I/CheckinService( 447): From server: Intent { act=com.android.vending.UPDATES_A VAILABLE (has extras) }
D/vending ( 778): [1] UpdatesAvailableReceiver.onReceive(): Received updates av ailable notification
D/vending ( 778): [53] VendingNotificationManager.showNotification(): Showing n otification: [AssetID=mydownloads, NotificationID=710204607, Title=Updates avail able, Message=Update(s) found.]
D/dalvikvm( 778): GC_CONCURRENT freed 1533K, 49% free 4237K/8263K, external 255 4K/2680K, paused 2ms+4ms
I/ActivityManager( 217): Starting: Intent { act=android.intent.action.VIEW cmp= com.android.vending/.MyDownloadsActivity bnds=[0,323][480,419] } from pid -1
W/ActivityManager( 217): startActivity called from non-Activity context; forcin g Intent.FLAG_ACTIVITY_NEW_TASK for: Intent { act=android.intent.action.VIEW cmp =com.android.vending/.MyDownloadsActivity bnds=[0,323][480,419] }
D/dalvikvm( 778): GC_EXPLICIT freed 349K, 52% free 3994K/8263K, external 1603K/ 2102K, paused 58ms
I/ActivityManager( 217): Displayed com.android.vending/.MyDownloadsActivity: +3 74ms (total +5s97ms)
D/dalvikvm( 836): GC_EXPLICIT freed 134K, 49% free 2744K/5379K, external 0K/0K, paused 58ms
I/ActivityManager( 217): Starting: Intent { act=android.intent.action.VIEW cmp= com.android.vending/.AssetInfoActivity (has extras) } from pid 778
D/dalvikvm( 778): GC_EXPLICIT freed 225K, 51% free 4109K/8263K, external 1609K/ 2051K, paused 28ms
I/ActivityManager( 217): Displayed com.android.vending/.AssetInfoActivity: +105 ms
D/dalvikvm( 778): GC_EXTERNAL_ALLOC freed 453K, 48% free 4313K/8263K, external 2044K/2051K, paused 34ms
D/dalvikvm( 778): GC_CONCURRENT freed 585K, 47% free 4419K/8263K, external 2323 K/2624K, paused 3ms+3ms
I/installd( 115): free_cache(757455) avail 173088768
D/dalvikvm( 778): GC_EXPLICIT freed 64K, 47% free 4406K/8263K, external 2231K/2 624K, paused 33ms
D/vending ( 778): [34] LocalAssetDatabase.notifyListener(): -343508709075835301 8 / DOWNLOAD_PENDING
D/vending ( 778): [60] AssetDownloader.downloadAndInstall(): Initiating Downloa d for 1 applications.
I/vending ( 778): [60] DownloadManagerUtil.enqueueDownload(): Enqueue for downl oad com.android.vending.util.DownloadManagerUtil$Request@406a7e98
D/dalvikvm( 778): GC_EXPLICIT freed 115K, 47% free 4432K/8263K, external 2248K/ 2624K, paused 37ms
D/vending ( 778): [60] LocalAssetDatabase.notifyListener(): -343508709075835301 8 / null
D/vending ( 778): [60] LocalAssetDatabase.notifyListener(): -343508709075835301 8 / DOWNLOADING
D/dalvikvm( 778): GC_EXPLICIT freed 108K, 47% free 4425K/8263K, external 2248K/

2624K, paused 33ms
I/DownloadManager( 522): Initiating request for download 3
I/DownloadManager( 522): Initiating request for download 3
D/dalvikvm( 778): GC_EXPLICIT freed 44K, 47% free 4418K/8263K, external 2248K/2 624K, paused 46ms
D/dalvikvm( 778): GC_EXPLICIT freed 37K, 47% free 4418K/8263K, external 2248K/2 624K, paused 36ms
D/dalvikvm( 778): GC_EXPLICIT freed 39K, 47% free 4418K/8263K, external 2248K/2 624K, paused 29ms
D/dalvikvm( 778): GC_EXPLICIT freed 39K, 47% free 4418K/8263K, external 2248K/2 624K, paused 39ms
D/vending ( 778): [61] DownloadManagerBroadcastReceiver.handleDownloadCompleted Action(): Got a download completed intent.
I/vending ( 778): [61] DownloadManagerBroadcastReceiver.startNextDownload(): Fo und Paused URI null
I/vending ( 778): [61] DownloadManagerBroadcastReceiver.startNextDownload(): No more paused downloads.
D/vending ( 778): [61] LocalAssetDatabase.notifyListener(): -343508709075835301 8 / null
D/vending ( 778): [61] DownloadManagerBroadcastReceiver.installFromUri(): Calli ng install uri=content://downloads/my_downloads/3 src=null asset=-34350870907583 53018 (com.noshufou.android.su:0) [DOWNLOADING] name=Superuser last=TRUE
D/vending ( 778): [61] LocalAssetDatabase.notifyListener(): -343508709075835301 8 / INSTALLING
D/vending ( 778): [61] VendingNotificationManager.showNotification(): Showing n otification: [AssetID=-3435087090758353018, NotificationID=-1852327592, Title=Su peruser, Message=Installing ]
D/dalvikvm( 1060): GC_EXPLICIT freed 10K, 51% free 2678K/5379K, external 0K/0K, paused 38ms
W/ActivityManager( 217): No content provider found for:
W/ActivityManager( 217): No content provider found for:
D/PackageParser( 217): Scanning package: /data/app/vmdl1744966679.tmp
D/dalvikvm( 217): GC_CONCURRENT freed 2094K, 46% free 5509K/10119K, external 29 10K/3634K, paused 2ms+5ms
D/dalvikvm( 217): GC_FOR_MALLOC freed 243K, 46% free 5514K/10119K, external 291 0K/3634K, paused 45ms
D/dalvikvm( 217): GC_FOR_MALLOC freed 475K, 45% free 5582K/10119K, external 291 0K/3634K, paused 48ms
D/dalvikvm( 217): GC_FOR_MALLOC freed 433K, 45% free 5582K/10119K, external 291 0K/3634K, paused 35ms
D/dalvikvm( 217): GC_FOR_MALLOC freed 430K, 45% free 5585K/10119K, external 291 0K/3634K, paused 34ms
D/dalvikvm( 217): GC_FOR_MALLOC freed 430K, 45% free 5587K/10119K, external 291 0K/3634K, paused 34ms
I/Process ( 217): Sending signal. PID: 1088 SIG: 9
I/ActivityManager( 217): Force stopping package com.noshufou.android.su uid=100 47
D/PackageManager( 217): Removing package com.noshufou.android.su
D/PackageManager( 217): Unregistered content provider: com.noshufou.android.su. provider, className = com.noshufou.android.su.provider.PermissionsProvider, isSy ncable = false
D/PackageManager( 217): Providers: com.noshufou.android.su.provider.Permissio nsProvider
D/PackageManager( 217): Services: com.noshufou.android.su.service.ResultServi ce
D/PackageManager( 217): Receivers: com.noshufou.android.su.SuRequestReceiver com.noshufou.android.su.SuResultReceiver com.noshufou.android.su.SecretCodeRecei ver com.noshufou.android.su.InstallReceiver com.noshufou.android.su.UninstallRec eiver
D/PackageManager( 217): Activities: com.noshufou.android.su.HomeActivity com.

noshufou.android.su.Su com.noshufou.android.su.AppDetailsActivity com.noshufou.a ndroid.su.preferences.PreferencesActivity preferences.PreferencesActivityHC com. noshufou.android.su.UpdaterActivity com.noshufou.android.su.SuRequestActivity co m.noshufou.android.su.PinActivity com.noshufou.android.su.TagWriterActivity
D/PackageManager( 217): Permissions: com.noshufou.android.su.RESPOND com.nosh ufou.android.su.provider.READ com.noshufou.android.su.provider.WRITE
D/PackageManager( 217): Scanning package com.noshufou.android.su
D/installd( 115): DexInv: --- BEGIN '/data/app/com.noshufou.android.su-1.apk' -W/PackageManager( 217): Trying to update system app code path from /system/app/ Superuser.apk to /data/app/com.noshufou.android.su-1.apk
D/dalvikvm( 1139): creating instr width table
D/dalvikvm( 1139): DexOpt: load 33ms, verify+opt 163ms
D/installd( 115): DexInv: --- END '/data/app/com.noshufou.android.su-1.apk' (su ccess) --I/PackageManager( 217): Unpacking native libraries for /data/app/com.noshufou.a ndroid.su-1.apk
D/installd( 115): DexInv: --- BEGIN '/data/app/com.noshufou.android.su-1.apk' -D/dalvikvm( 1140): creating instr width table
D/dalvikvm( 1140): DexOpt: load 33ms, verify+opt 161ms
D/installd( 115): DexInv: --- END '/data/app/com.noshufou.android.su-1.apk' (su ccess) --I/ActivityManager( 217): Force stopping package com.noshufou.android.su uid=100 47
W/PackageManager( 217): Code path for pkg : com.noshufou.android.su changing fr om /system/app/Superuser.apk to /data/app/com.noshufou.android.su-1.apk
W/PackageManager( 217): Resource path for pkg : com.noshufou.android.su changin g from /system/app/Superuser.apk to /data/app/com.noshufou.android.su-1.apk
D/PackageManager( 217): Registered content provider: com.noshufou.android.su.pr ovider, className = com.noshufou.android.su.provider.PermissionsProvider, isSync able = false
D/PackageManager( 217): Providers: com.noshufou.android.su.provider.Permissio nsProvider
D/PackageManager( 217): Services: com.noshufou.android.su.service.ResultServi ce
D/PackageManager( 217): Receivers: com.noshufou.android.su.SuRequestReceiver com.noshufou.android.su.SuResultReceiver com.noshufou.android.su.SecretCodeRecei ver com.noshufou.android.su.InstallReceiver com.noshufou.android.su.UninstallRec eiver
D/PackageManager( 217): Activities: com.noshufou.android.su.HomeActivity com. noshufou.android.su.Su com.noshufou.android.su.AppDetailsActivity com.noshufou.a ndroid.su.preferences.PreferencesActivity preferences.PreferencesActivityHC com. noshufou.android.su.UpdaterActivity com.noshufou.android.su.SuRequestActivity co m.noshufou.android.su.PinActivity com.noshufou.android.su.TagWriterActivity
D/PackageManager( 217): Permission Groups: DUP:com.noshufou.android.su.permis sion-group.SUPERUSER
D/PackageManager( 217): Permissions: com.noshufou.android.su.RESPOND com.nosh ufou.android.su.provider.READ com.noshufou.android.su.provider.WRITE
W/PackageManager( 217): Permission group com.noshufou.android.su.permission-gro up.SUPERUSER from package com.noshufou.android.su ignored: original from com.nos hufou.android.su
I/installd( 115): move /data/dalvik-cache/data@app@com.noshufou.android.su-1.ap k@classes.dex -> /data/dalvik-cache/data@app@com.noshufou.android.su-1.apk@class es.dex
D/PackageManager( 217): New package installed in /data/app/com.noshufou.android .su-1.apk
W/PackageManager( 217): Unknown permission android.permission.ADD_SYSTEM_SERVIC E in package com.android.phone
W/PackageManager( 217): Unknown permission android.permission.READ_EXTERNAL_STO

RAGE in package com.cyanogenmod.cmparts
W/PackageManager( 217): Not granting permission android.permission.SEND_DOWNLOA D_COMPLETED_INTENTS to package com.android.browser (protectionLevel=2 flags=0x9b e45)
W/PackageManager( 217): Unknown permission com.google.android.gm.permission.REA D_GMAIL in package com.google.android.talk
W/PackageManager( 217): Unknown permission android.permission.READ_OWNER_DATA i n package com.android.setupwizard
W/PackageManager( 217): Unknown permission android.permission.WRITE_OWNER_DATA in package com.android.setupwizard
W/PackageManager( 217): Unknown permission com.google.android.gm.permission.WRI TE_GMAIL in package com.android.settings
W/PackageManager( 217): Unknown permission com.google.android.gm.permission.REA D_GMAIL in package com.android.settings
W/PackageManager( 217): Unknown permission com.google.android.gm.permission.REA D_GMAIL in package com.google.android.apps.uploader
W/PackageManager( 217): Unknown permission com.google.android.voicesearch.SHORT CUTS_ACCESS in package com.google.android.googlequicksearchbox
W/PackageManager( 217): Not granting permission android.permission.SEND_DOWNLOA D_COMPLETED_INTENTS to package com.android.vending (protectionLevel=2 flags=0xab e45)
W/PackageManager( 217): Unknown permission android.permission.SEND in package c om.android.vending
W/PackageManager( 217): Unknown permission com.estrongs.android.pop.PERMISSION in package com.estrongs.android.pop
W/PackageManager( 217): Unknown permission android.permission.READ_OWNER_DATA i n package com.android.email
W/PackageManager( 217): Not granting permission android.permission.DEVICE_POWER to package com.android.deskclock (protectionLevel=2 flags=0x8be45)
I/ActivityManager( 217): Force stopping package com.noshufou.android.su uid=100 47
D/szipinf ( 217): Initializing inflate state
D/szipinf ( 217): Initializing inflate state
D/VoiceDialerReceiver( 631): onReceive Intent { act=android.intent.action.PACKA GE_REMOVED dat=package:com.noshufou.android.su flg=0x10000000 cmp=com.android.vo icedialer/.VoiceDialerReceiver (has extras) }
V/RecognizerEngine( 631): deleteCachedGrammarFiles /data/data/com.android.voice dialer/files/openentries.txt
I/ActivityManager( 217): Start proc com.noshufou.android.su for broadcast com.n oshufou.android.su/.UninstallReceiver: pid=1143 uid=10047 gids={3003, 1015}
D/dalvikvm( 826): GC_EXPLICIT freed 402K, 47% free 3420K/6407K, external 5673K/ 6846K, paused 136ms
D/HomeLoaders( 826): application intent received: android.intent.action.PACKAGE _REMOVED, replacing=true
D/HomeLoaders( 826): --> package:com.noshufou.android.su
D/vending ( 778): [63] LocalAssetCache.updateOnePackage(): No local info for co m.noshufou.android.su
D/dalvikvm( 684): GC_EXPLICIT freed 292K, 51% free 3654K/7367K, external 2252K/ 2812K, paused 131ms
D/szipinf ( 217): Initializing inflate state
I/ActivityThread( 1143): Pub com.noshufou.android.su.provider: com.noshufou.andr oid.su.provider.PermissionsProvider
D/HomeLoaders( 826): application intent received: android.intent.action.PACKAGE _ADDED, replacing=true
D/HomeLoaders( 826): --> package:com.noshufou.android.su
D/HomeLoaders( 826): --> update package com.noshufou.android.su
W/RecognitionManagerService( 217): no available voice recognition services foun d
I/ThemeManager( 1096): Handling replaced theme package: com.noshufou.android.su
D/szipinf ( 217): Initializing inflate state

D/szipinf ( 217): Initializing inflate state
D/szipinf ( 217): Initializing inflate state
D/szipinf ( 217): Initializing inflate state
D/dalvikvm( 217): GC_EXPLICIT freed 947K, 44% free 5670K/10119K, external 2910K /3634K, paused 52ms
D/VoiceDialerReceiver( 631): onReceive Intent { act=android.intent.action.PACKA GE_ADDED dat=package:com.noshufou.android.su flg=0x10000000 cmp=com.android.voic edialer/.VoiceDialerReceiver (has extras) }
V/RecognizerEngine( 631): deleteCachedGrammarFiles /data/data/com.android.voice dialer/files/openentries.txt
D/vending ( 778): [64] LocalAssetDatabase.notifyListener(): -343508709075835301 8 / INSTALLED
D/vending ( 778): [8] MyPackageInstallObserver.packageInstalled(): Package 'com .noshufou.android.su' installed!
D/vending ( 778): [8] MyPackageInstallObserver.packageInstalled(): Source=null last=TRUE asset=-3435087090758353018 (com.noshufou.android.su:0) [DOWNLOADING]
D/vending ( 778): [8] VendingNotificationManager.showNotification(): Showing no tification: [AssetID=-3435087090758353018, NotificationID=-1852327592, Title=Sup eruser, Message=Successfully installed.]
D/dalvikvm( 778): GC_EXPLICIT freed 243K, 46% free 4510K/8263K, external 2248K/ 2624K, paused 47ms
V/FOTAKill( 1111): Killing FOTA
D/dalvikvm( 447): GC_FOR_MALLOC freed 352K, 45% free 3888K/7047K, external 612K /1098K, paused 42ms
I/GservicesProvider( 447): override update completed
V/update.Download( 447): deleting all update downloads
I/ActivityManager( 217): Starting: Intent { flg=0x10000000 cmp=com.google.andro id.gsf/.update.SystemUpdateInstallDialog } from pid 447
D/dalvikvm( 778): GC_EXPLICIT freed 583K, 47% free 4411K/8263K, external 2216K/ 2624K, paused 54ms
W/InputManagerService( 217): Window already focused, ignoring focus gain of: co m.android.internal.view.IInputMethodClient$Stub$Proxy@409974b0
D/dalvikvm( 778): GC_EXPLICIT freed 13K, 47% free 4405K/8263K, external 2216K/2 624K, paused 41ms
I/ActivityManager( 217): Starting: Intent { act=com.android.launcher.action.lau ncheraction flg=0x10000000 cmp=com.android.launcher/.CustomShirtcutActivity bnds =[192,723][288,800] (has extras) } from pid 826
W/InputManagerService( 217): Window already focused, ignoring focus gain of: co m.android.internal.view.IInputMethodClient$Stub$Proxy@406c1a08
I/ActivityManager( 217): Starting: Intent { act=android.settings.SETTINGS flg=0 x10200000 cmp=com.android.settings/.Settings } from pid 826
I/ActivityManager( 217): Displayed com.android.settings/.Settings: +105ms (tota l +9s806ms)
