D/dalvikvm( 684): GC_EXTERNAL_ALLOC freed 120K, 51% free 3633K/7367K, external 2792K/2812K, paused 25ms
I/CheckinService( 447): Preparing to send checkin request
I/EventLogService( 447): Accumulating logs since 1318132171195
I/ActivityManager( 217): Starting: Intent { act=android.intent.action.MAIN cmp= com.android.settings/.DeviceInfoSettings } from pid 684
I/ActivityManager( 217): Displayed com.android.settings/.DeviceInfoSettings: +1 47ms
D/ResourceType( 447): calling getConfigurations
D/ResourceType( 447): called getConfigurations size=225
I/CheckinTask( 447): Sending checkin request (4079 bytes)
D/dalvikvm( 447): GC_CONCURRENT freed 443K, 44% free 3957K/7047K, external 644K /1098K, paused 2ms+3ms
I/ActivityManager( 217): Starting: Intent { act=android.intent.action.MAIN cmp= com.android.settings/.fuelgauge.PowerUsageSummary } from pid 684
D/dalvikvm( 684): GC_FOR_MALLOC freed 155K, 50% free 3708K/7367K, external 2321 K/2899K, paused 19ms

I/ActivityManager( 217): Displayed com.android.settings/.fuelgauge.PowerUsageSu mmary: +208ms
D/ResourceType( 447): calling getConfigurations
D/ResourceType( 447): called getConfigurations size=225
I/CheckinTask( 447): Checkin success: https://android.clients.google.com/checki n (1 requests sent)
I/CheckinService( 447): From server: Intent { act=android.server.checkin.FOTA_C ANCEL }
I/ActivityManager( 217): Starting: Intent { act=android.intent.action.MAIN cmp= com.android.settings/.deviceinfo.Status } from pid 684
D/dalvikvm( 421): GC_CONCURRENT freed 109K, 44% free 3539K/6279K, external 1152 K/1572K, paused 2ms+3ms
I/ActivityManager( 217): Displayed com.android.settings/.deviceinfo.Status: +16 1ms
D/dalvikvm( 421): GC_EXTERNAL_ALLOC freed 82K, 45% free 3463K/6279K, external 9 27K/989K, paused 28ms
W/InputManagerService( 217): Starting input on non-focused client com.android.i nternal.view.IInputMethodClient$Stub$Proxy@408cd6b0 (uid=1001 pid=421)
D/WifiService( 217): ACTION_BATTERY_CHANGED pluggedType: 0
D/dalvikvm( 684): GC_EXTERNAL_ALLOC freed 429K, 47% free 3976K/7367K, external 2861K/2899K, paused 29ms
I/ActivityManager( 217): Starting: Intent { act=android.intent.action.MAIN cmp= com.android.settings/.deviceinfo.Memory } from pid 684
E/ ( 684): statfs /mnt/sdcard/external_sd failed, errno: 13
I/ActivityManager( 217): Displayed com.android.settings/.deviceinfo.Memory: +97 ms
I/ActivityManager( 217): Starting: Intent { act=android.intent.action.VIEW cmp= com.android.settings/.MediaFormat (has extras) } from pid 684
I/ActivityManager( 217): Displayed com.android.settings/.MediaFormat: +57ms
D/dalvikvm( 631): GC_EXPLICIT freed 16K, 51% free 2680K/5379K, external 0K/0K, paused 18ms
E/ ( 684): statfs /mnt/sdcard/external_sd failed, errno: 13
D/dalvikvm( 684): GC_EXTERNAL_ALLOC freed 285K, 46% free 3988K/7367K, external 2821K/2899K, paused 29ms
D/dalvikvm( 826): GC_EXPLICIT freed 407K, 48% free 3367K/6407K, external 5669K/ 6541K, paused 94ms
D/dalvikvm( 684): GC_EXTERNAL_ALLOC freed 49K, 47% free 3969K/7367K, external 3 292K/3348K, paused 46ms
D/dalvikvm( 217): GC_CONCURRENT freed 1644K, 47% free 5388K/10119K, external 29 18K/3634K, paused 3ms+3ms
D/dalvikvm( 890): GC_EXPLICIT freed 144K, 48% free 2867K/5511K, external 853K/1 187K, paused 120ms
D/dalvikvm( 684): GC_EXPLICIT freed 27K, 47% free 3947K/7367K, external 2357K/2 944K, paused 63ms
D/dalvikvm( 522): GC_EXPLICIT freed 298K, 49% free 3065K/5895K, external 0K/0K, paused 57ms
D/WifiService( 217): ACTION_BATTERY_CHANGED pluggedType: 0
D/WifiService( 217): ACTION_BATTERY_CHANGED pluggedType: 0
D/WifiService( 217): ACTION_BATTERY_CHANGED pluggedType: 2
D/SettingsAppWidgetProvider( 684): Widget is from a previous version... Let's u pdate
D/SettingsAppWidgetProvider( 684): No instances yet... Wait for at least one in stance to exist before adding global settings
D/Vold ( 108): USB connected
D/Vold ( 108): Share method ums now available
I/StorageNotification( 391): UMS connection changed to true (media state remove d)
D/Tethering( 217): sendTetherStateChangedBroadcast 1, 0, 0
D/Tethering( 217): interfaceAdded :usb0
D/BluetoothNetworkService( 217): updating tether state

D/BluetoothNetworkService( 217): interface usb0
D/Vold ( 108): USB connected
E/Tethering( 217): active iface (usb0) reported as added, ignoring
I/ActivityManager( 217): Starting: Intent { act=android.settings.SETTINGS flg=0 x10200000 cmp=com.android.settings/.Settings } from pid 826
I/ActivityManager( 217): Displayed com.android.settings/.Settings: +118ms
D/dalvikvm( 684): GC_EXTERNAL_ALLOC freed 104K, 47% free 3955K/7367K, external 2747K/2756K, paused 52ms
I/ActivityManager( 217): Starting: Intent { act=android.intent.action.MAIN cmp= com.android.settings/.deviceinfo.Memory } from pid 684
E/ ( 684): statfs /mnt/sdcard/external_sd failed, errno: 13
I/ActivityManager( 217): Displayed com.android.settings/.deviceinfo.Memory: +11 7ms
D/dalvikvm( 684): GC_EXTERNAL_ALLOC freed 159K, 47% free 3942K/7367K, external 2861K/2868K, paused 28ms
D/dalvikvm( 826): GC_EXPLICIT freed 46K, 48% free 3341K/6407K, external 5330K/6 541K, paused 181ms
I/ActivityManager( 217): Starting: Intent { act=android.intent.action.VIEW cmp= com.android.settings/.MediaFormat (has extras) } from pid 684
I/ActivityManager( 217): Displayed com.android.settings/.MediaFormat: +53ms
D/dalvikvm( 391): GC_CONCURRENT freed 464K, 49% free 3147K/6151K, external 1456 K/1616K, paused 4ms+3ms
D/WifiService( 217): ACTION_BATTERY_CHANGED pluggedType: 2
E/ ( 684): statfs /mnt/sdcard/external_sd failed, errno: 13
W/InputManagerService( 217): Window already focused, ignoring focus gain of: co m.android.internal.view.IInputMethodClient$Stub$Proxy@40625e70
W/KeyCharacterMap( 684): Can't open keycharmap file
W/KeyCharacterMap( 684): Error loading keycharmap file '/system/usr/keychars/ar ies-keypad.kcm.bin'. hw.keyboards.0.devname='aries-keypad'
W/KeyCharacterMap( 684): Using default keymap: /system/usr/keychars/qwerty.kcm. bin
W/KeyCharacterMap( 217): Can't open keycharmap file
W/KeyCharacterMap( 217): Error loading keycharmap file '/system/usr/keychars/ar ies-keypad.kcm.bin'. hw.keyboards.0.devname='aries-keypad'
W/KeyCharacterMap( 217): Using default keymap: /system/usr/keychars/qwerty.kcm. bin
D/dalvikvm( 217): GC_EXTERNAL_ALLOC freed 832K, 46% free 5528K/10119K, external 3610K/3634K, paused 65ms
I/ActivityManager( 217): Start proc com.cyanogenmod.screenshot for broadcast co m.cyanogenmod.screenshot/.ScreenshotReceiver: pid=1176 uid=10008 gids={1015}
W/InputManagerService( 217): Window already focused, ignoring focus gain of: co m.android.internal.view.IInputMethodClient$Stub$Proxy@40890c68
I/ActivityManager( 217): Starting: Intent { act=com.cyanogenmod.screenshot.Scre enshotActivity flg=0x10800000 cmp=com.cyanogenmod.screenshot/.ScreenshotActivity } from pid 1176
D/dalvikvm( 1176): GC_EXTERNAL_ALLOC freed 49K, 51% free 2685K/5379K, external 0 K/0K, paused 28ms
D/CMScreenshot( 1176): Ran helper
D/MediaScannerService( 522): IMediaScannerService.scanFile: null mimeType: null
W/InputManagerService( 217): Window already focused, ignoring focus gain of: co m.android.internal.view.IInputMethodClient$Stub$Proxy@408144f0
E/ ( 684): statfs /mnt/sdcard/external_sd failed, errno: 13
D/dalvikvm( 522): GC_EXPLICIT freed 88K, 50% free 2982K/5895K, external 0K/0K, paused 70ms
D/dalvikvm( 684): GC_EXTERNAL_ALLOC freed 44K, 46% free 3980K/7367K, external 3 235K/3254K, paused 28ms
D/WifiService( 217): ACTION_BATTERY_CHANGED pluggedType: 2
I/power ( 217): *** set_screen_state 0
D/SurfaceFlinger( 217): About to give-up screen, flinger = 0x959b8
D/WifiService( 217): ACTION_SCREEN_OFF

D/dalvikvm( 217): GC_EXTERNAL_ALLOC freed 289K, 47% free 5452K/10119K, external 3886K/3887K, paused 42ms
D/dalvikvm( 217): GC_EXTERNAL_ALLOC freed 23K, 47% free 5445K/10119K, external 4856K/4911K, paused 39ms
D/WifiService( 217): ACTION_BATTERY_CHANGED pluggedType: 2

También podría gustarte