Está en la página 1de 33

--------- beginning of /dev/log/system
I/Vold ( 108): Vold 2.

1 (the revenge) firing up
D/Vold ( 108): Volume emmc state changing -1 (Initializing) -> 0 (No-Media)
D/Vold ( 108): Volume sdcard state changing -1 (Initializing) -> 0 (No-Media )
D/Vold ( 108): Volume emmc state changing 0 (No-Media) -> 2 (Pending)
D/Vold ( 108): Volume emmc state changing 2 (Pending) -> 1 (Idle-Unmounted)
I/SystemServer( 217): Entered the Android system server!
I/SystemServer( 217): Entropy Service
W/EntropyService( 217): unable to load initial entropy (first boot?)
W/EntropyService( 217): java.io.FileNotFoundException: /data/system/entropy.dat (No such file or directory)
W/EntropyService( 217): at org.apache.harmony.luni.platform.OSFileSystem .open(Native Method)
W/EntropyService( 217): at dalvik.system.BlockGuard$WrappedFileSystem.op en(BlockGuard.java:232)
W/EntropyService( 217): at java.io.FileInputStream.<init>(FileInputStrea m.java:80)
W/EntropyService( 217): at java.io.FileInputStream.<init>(FileInputStrea m.java:132)
W/EntropyService( 217): at com.android.server.RandomBlock.fromFile(Rando mBlock.java:45)
W/EntropyService( 217): at com.android.server.EntropyService.loadInitial Entropy(EntropyService.java:99)
W/EntropyService( 217): at com.android.server.EntropyService.<init>(Entr opyService.java:86)
W/EntropyService( 217): at com.android.server.EntropyService.<init>(Entr opyService.java:76)
W/EntropyService( 217): at com.android.server.ServerThread.run(SystemSer ver.java:145)
I/SystemServer( 217): Power Manager
I/SystemServer( 217): Activity Manager
I/ActivityManager( 217): Memory class: 32
I/SystemServer( 217): Telephony Registry
I/SystemServer( 217): Package Manager
I/Installer( 217): connecting...
I/PackageManager( 217): No settings file; creating initial state
I/PackageManager( 217): Time to scan packages: 29.027 seconds
I/PackageManager( 217): Platform changed from 0 to 10; regranting permissions f or internal storage
W/PackageManager( 217): Unknown permission android.permission.ADD_SYSTEM_SERVIC E in package com.android.phone
W/PackageManager( 217): Unknown permission android.permission.READ_EXTERNAL_STO RAGE in package com.cyanogenmod.cmparts
W/PackageManager( 217): Not granting permission android.permission.SEND_DOWNLOA D_COMPLETED_INTENTS to package com.android.browser (protectionLevel=2 flags=0x9b e45)
W/PackageManager( 217): Unknown permission com.google.android.gm.permission.REA D_GMAIL in package com.google.android.talk
W/PackageManager( 217): Unknown permission android.permission.READ_OWNER_DATA i n package com.android.setupwizard
W/PackageManager( 217): Unknown permission android.permission.WRITE_OWNER_DATA in package com.android.setupwizard
W/PackageManager( 217): Unknown permission com.google.android.gm.permission.WRI TE_GMAIL in package com.android.settings
W/PackageManager( 217): Unknown permission com.google.android.gm.permission.REA D_GMAIL in package com.android.settings
W/PackageManager( 217): Unknown permission com.google.android.gm.permission.REA D_GMAIL in package com.google.android.apps.uploader
W/PackageManager( 217): Unknown permission com.google.android.googleapps.permis

sion.GOOGLE_AUTH.panoramio in package com.google.android.apps.uploader
W/PackageManager( 217): Unknown permission com.google.android.voicesearch.SHORT CUTS_ACCESS in package com.google.android.googlequicksearchbox
W/PackageManager( 217): Not granting permission android.permission.SEND_DOWNLOA D_COMPLETED_INTENTS to package com.android.vending (protectionLevel=2 flags=0xab e45)
W/PackageManager( 217): Unknown permission android.permission.SEND in package c om.android.vending
W/PackageManager( 217): Unknown permission android.permission.READ_OWNER_DATA i n package com.android.email
W/PackageManager( 217): Not granting permission android.permission.DEVICE_POWER to package com.android.deskclock (protectionLevel=2 flags=0x8be45)
I/SystemServer( 217): Account Manager
I/SystemServer( 217): Content Manager
I/SystemServer( 217): System Content Providers
I/SystemServer( 217): Battery Service
I/SystemServer( 217): Lights Service
I/SystemServer( 217): Vibrator Service
I/SystemServer( 217): Alarm Manager
I/SystemServer( 217): Init Watchdog
I/SystemServer( 217): Window Manager
I/InputManager( 217): Initializing input manager
I/InputManager( 217): Starting input manager
I/SystemServer( 217): Bluetooth Service
I/InputManager-Callbacks( 217): No input device calibration properties found fo r device mxt224_ts_input.
I/InputManager-Callbacks( 217): No input device calibration properties found fo r device aries-keypad.
I/InputManager-Callbacks( 217): No input device calibration properties found fo r device cypress-touchkey.
I/SystemServer( 217): Device Policy
I/SystemServer( 217): Status Bar
I/SystemServer( 217): Clipboard Service
I/SystemServer( 217): Input Method Service
I/InputManagerService( 217): Enabled input methods: com.android.inputmethod.lat in/.LatinIME
I/InputManagerService( 217): Enabled input methods or default IME has not been set, enabling all
I/InputManagerService( 217): Adding: com.android.inputmethod.latin/.LatinIME
I/InputManagerService( 217): No default found, using com.android.inputmethod.la tin/.LatinIME
I/SystemServer( 217): NetStat Service
I/SystemServer( 217): NetworkManagement Service
I/SystemServer( 217): Connectivity Service
I/ConnectivityService( 217): hostname has been set: android-6a1f0761c2df469a
I/WifiService( 217): WifiService starting up with Wi-Fi disabled
D/NetworkManagmentService( 217): Registering observer
I/SystemServer( 217): Throttle Service
I/SystemServer( 217): Accessibility Manager
I/SystemServer( 217): Mount Service
I/SystemServer( 217): Profile Manager
D/VoldCmdListener( 108): volume list
W/MountService( 217): Duplicate state transition (removed -> removed)
D/VoldCmdListener( 108): share status ums
I/SystemServer( 217): Notification Manager
I/SystemServer( 217): Device Storage Monitor
I/SystemServer( 217): Location Manager
I/SystemServer( 217): Search Service
I/SystemServer( 217): DropBox Service
I/SystemServer( 217): Wallpaper Service

W/WallpaperService( 217): failed parsing /data/system/wallpaper_info.xml java.i o.FileNotFoundException: /data/system/wallpaper_info.xml (No such file or direct ory)
I/SystemServer( 217): Audio Service
I/SystemServer( 217): Headset Observer
I/SystemServer( 217): Dock Observer
I/SystemServer( 217): USB Service
I/SystemServer( 217): UI Mode Manager Service
I/SystemServer( 217): Backup Service
V/BackupManagerService( 217): No ancestral data
I/BackupManagerService( 217): Backup enabled => false
I/SystemServer( 217): AppWidget Service
I/SystemServer( 217): Recognition Service
I/SystemServer( 217): DiskStats Service
I/SystemServer( 217): AssetRedirectionManager Service
D/PowerManagerService( 217): system ready!
I/ActivityManager( 217): Sending system update to: ComponentInfo{com.android.pr oviders.calendar/com.android.providers.calendar.CalendarUpgradeReceiver}
I/ActivityManager( 217): Sending system update to: ComponentInfo{com.android.pr oviders.contacts/com.android.providers.contacts.ContactsUpgradeReceiver}
I/ActivityManager( 217): Sending system update to: ComponentInfo{com.google.and roid.gsf/com.google.android.gsf.loginservice.MigrateToAccountManagerBroadcastRec eiver}
I/ActivityManager( 217): Start proc com.android.providers.calendar for broadcas t com.android.providers.calendar/.CalendarUpgradeReceiver: pid=360 uid=10015 gid s={3003}
I/ActivityManager( 217): Starting: Intent { act=android.intent.action.MAIN cat= [android.intent.category.HOME] flg=0x10000000 cmp=com.android.setupwizard/.Setup WizardActivity } from pid 0
I/ActivityManager( 217): Launching preboot mode app: ProcessRecord{405957f0 360 :com.android.providers.calendar/10015}
I/ActivityManager( 217): Start proc android.process.acore for broadcast com.and roid.providers.contacts/.ContactsUpgradeReceiver: pid=374 uid=10005 gids={3003, 1015}
I/ActivityManager( 217): Launching preboot mode app: ProcessRecord{405e72b0 374 :android.process.acore/10005}
I/ActivityManager( 217): Start proc com.google.process.gapps for broadcast com. google.android.gsf/.loginservice.MigrateToAccountManagerBroadcastReceiver: pid=3 83 uid=10020 gids={3003, 1015, 2001, 1007}
I/ActivityManager( 217): Launching preboot mode app: ProcessRecord{40659c78 383 :com.google.process.gapps/10020}
I/ActivityManager( 217): Writing new set of last done pre-boot receivers...
I/ActivityManager( 217): Removing system update proc: ProcessRecord{405957f0 36 0:com.android.providers.calendar/10015}
I/ActivityManager( 217): Removing system update proc: ProcessRecord{405e72b0 37 4:android.process.acore/10005}
I/ActivityManager( 217): Removing system update proc: ProcessRecord{40659c78 38 3:com.google.process.gapps/10020}
I/ActivityManager( 217): System now ready
I/SystemServer( 217): Making services ready
I/StatusBarManagerService( 217): Starting service: ComponentInfo{com.android.sy stemui/com.android.systemui.statusbar.StatusBarService}
I/ActivityManager( 217): Start proc com.android.systemui for service com.androi d.systemui/.statusbar.StatusBarService: pid=391 uid=1000 gids={1015, 3002, 3001, 3003}
I/ActivityManager( 217): Config changed: { scale=1.0 imsi=0/0 loc=hd_US touch=0 keys=0/0/0 nav=0/0 orien=0 layout=0 uiMode=17 seq=2 themeResource=null}
W/RecognitionManagerService( 217): no available voice recognition services foun d
I/UsbService( 217): Device not provisioned, skipping USB broadcast

I/ActivityManager( 217): Start proc com.android.wallpaper for service com.andro id.wallpaper/.nexus.NexusWallpaper: pid=401 uid=10032 gids={1006}
I/ActivityManager( 217): Start proc com.android.inputmethod.latin for service c om.android.inputmethod.latin/.LatinIME: pid=402 uid=10031 gids={}
D/NetworkManagmentService( 217): Registering observer
E/ThrottleService( 217): Error reading data file
I/ActivityManager( 217): Start proc com.android.phone for added application com .android.phone: pid=421 uid=1001 gids={3002, 3001, 3003, 1015}
I/ActivityManager( 217): Start proc com.android.setupwizard for activity com.an droid.setupwizard/.SetupWizardActivity: pid=422 uid=10055 gids={3003}
I/InputManager-Callbacks( 217): No virtual keys found for device mxt224_ts_inpu t.
I/ActivityManager( 217): Config changed: { scale=1.0 imsi=0/0 loc=hd_US touch=3 keys=1/1/2 nav=1/1 orien=1 layout=34 uiMode=17 seq=3 themeResource=null}
I/ActivityManager( 217): Start proc com.google.process.gapps for service com.go ogle.android.gsf/.loginservice.GoogleLoginService: pid=447 uid=10020 gids={3003, 1015, 2001, 1007}
I/ActivityManager( 217): Start proc android.process.acore for content provider com.android.providers.contacts/.ContactsProvider2: pid=477 uid=10005 gids={3003, 1015}
I/StatusBarManagerService( 217): registerStatusBar bar=com.android.internal.sta tusbar.IStatusBar$Stub$Proxy@405fc810
D/VoldCmdListener( 108): share status ums
D/StorageNotification( 391): Startup with UMS connection false (media state rem oved)
I/StorageNotification( 391): UMS connection changed to false (media state remov ed)
D/PowerManagerService( 217): bootCompleted
D/VoldCmdListener( 108): volume mount /mnt/sdcard/external_sd
I/Vold ( 108): /dev/block/vold/179:1 being considered for volume emmc
D/Vold ( 108): Volume emmc state changing 1 (Idle-Unmounted) -> 3 (Checking)
W/ActivityManager( 217): Unable to start service Intent { act=com.android.ussd. IExtendedNetworkService }: not found
I/StorageNotification( 391): Media {/mnt/sdcard/external_sd} state changed from {unmounted} -> {checking}
I/ActivityManager( 217): Start proc com.bel.android.dspmanager for broadcast co m.bel.android.dspmanager/.ServiceLaunchReceiver: pid=501 uid=10021 gids={3002}
I/TelephonyRegistry( 217): notifyServiceState: 3 home null null null Unknown C SS not supported -1 -1RoamInd: -1DefRoamInd: -1EmergOnly: false
I/TelephonyRegistry( 217): notifyDataConnection: state=0 isDataConnectivityPoss ible=false reason=radioTurnedOff interfaceName=null networkType=0
I/TelephonyRegistry( 217): notifyDataConnection: state=0 isDataConnectivityPoss ible=false reason=gprsDetached interfaceName=null networkType=0
I/ActivityManager( 217): Start proc com.android.bluetooth for broadcast com.and roid.bluetooth/.opp.BluetoothOppReceiver: pid=511 uid=10006 gids={3003, 3002, 30 01, 1015}
I/BootReceiver( 217): Copying /proc/last_kmsg to DropBox (SYSTEM_LAST_KMSG)
I/TelephonyRegistry( 217): notifyServiceState: 1 home null null @65@5 Unknown CSS not supported -1 -1RoamInd: -1DefRoamInd: -1EmergOnly: true
I/ActivityManager( 217): Start proc android.process.media for content provider com.android.providers.downloads/.DownloadProvider: pid=522 uid=10025 gids={1015, 2001, 3003}
I/ActivityManager( 217): Start proc com.cyanogenmod.stats for broadcast com.cya nogenmod.stats/.ReportingServiceManager: pid=530 uid=10009 gids={3003}
I/ActivityManager( 217): Start proc com.android.providers.calendar for broadcas t com.android.providers.calendar/.CalendarReceiver: pid=541 uid=10015 gids={3003 }
I/ActivityManager( 217): Start proc com.cyanogenmod.android.fotakill for broadc ast com.cyanogenmod.android.fotakill/.FOTAKillReceiver: pid=553 uid=10019 gids={ }

W/InputManagerService( 217): Starting input on non-focused client com.android.i nternal.view.IInputMethodClient$Stub$Proxy@405fa7d0 (uid=10055 pid=422)
I/ActivityManager( 217): Start proc com.android.deskclock for broadcast com.and roid.deskclock/.AlarmInitReceiver: pid=561 uid=10023 gids={}
W/BackupManagerService( 217): dataChanged but no participant pkg='com.android.p roviders.settings' uid=10023
I/ActivityManager( 217): Start proc com.android.email for broadcast com.android .email/.service.EmailBroadcastReceiver: pid=577 uid=10026 gids={3003, 1015}
I/ActivityManager( 217): Start proc com.android.mms for broadcast com.android.m ms/.transaction.MmsSystemEventReceiver: pid=591 uid=10035 gids={3003, 1015}
I/ActivityManager( 217): Start proc com.google.android.partnersetup for broadca st com.google.android.partnersetup/.GooglePartnerSetup: pid=613 uid=10042 gids={ }
I/TelephonyRegistry( 217): notifyServiceState: 1 home null null 26806 GPRS CSS not supported -1 -1RoamInd: -1DefRoamInd: -1EmergOnly: true
I/ActivityManager( 217): Force stopping package com.google.android.partnersetup uid=10042
I/ActivityManager( 217): Start proc com.koushikdutta.rommanager for broadcast c om.koushikdutta.rommanager/.UpdateReceiver: pid=623 uid=10044 gids={1015, 3003}
I/TelephonyRegistry( 217): notifyDataConnection: state=0 isDataConnectivityPoss ible=false reason=null interfaceName=null networkType=1
I/ActivityManager( 217): Start proc com.android.voicedialer for broadcast com.a ndroid.voicedialer/.VoiceDialerReceiver: pid=631 uid=10050 gids={3002}
I/ActivityManager( 217): Start proc com.android.vending for service com.android .vending/.billing.MarketBillingService: pid=640 uid=10057 gids={1015, 3003}
I/Vold ( 108): Filesystem check completed OK
I/Vold ( 108): Filesystem type is: VFAT
I/Vold ( 108): Device /dev/block/vold/179:1, target /mnt/sdcard/external_sd mounted @ /mnt/secure/staging
I/Vold ( 108): Skipping bindmounts for alternate volume (/mnt/sdcard/externa l_sd)
D/Vold ( 108): Volume emmc state changing 3 (Checking) -> 4 (Mounted)
I/StorageNotification( 391): Media {/mnt/sdcard/external_sd} state changed from {checking} -> {mounted}
I/ActivityManager( 217): Starting: Intent { flg=0x10000000 cmp=com.google.andro id.gsf/.update.SystemUpdateInstallDialog } from pid 447
E/ActivityThread( 623): Service com.koushikdutta.rommanager.DownloadService has leaked ServiceConnection com.koushikdutta.rommanager.az@40533ed8 that was origi nally bound here
E/ActivityThread( 623): android.app.ServiceConnectionLeaked: Service com.koushi kdutta.rommanager.DownloadService has leaked ServiceConnection com.koushikdutta. rommanager.az@40533ed8 that was originally bound here
E/ActivityThread( 623): at android.app.LoadedApk$ServiceDispatcher.<init >(LoadedApk.java:938)
E/ActivityThread( 623): at android.app.LoadedApk.getServiceDispatcher(Lo adedApk.java:833)
E/ActivityThread( 623): at android.app.ContextImpl.bindService(ContextIm pl.java:895)
E/ActivityThread( 623): at android.content.ContextWrapper.bindService(Co ntextWrapper.java:347)
E/ActivityThread( 623): at com.koushikdutta.rommanager.gl.c(Unknown Sour ce)
E/ActivityThread( 623): at com.koushikdutta.rommanager.gl.a(Unknown Sour ce)
E/ActivityThread( 623): at com.koushikdutta.rommanager.DownloadService.b (Unknown Source)
E/ActivityThread( 623): at com.koushikdutta.rommanager.DownloadService.o nStart(Unknown Source)
E/ActivityThread( 623): at android.app.Service.onStartCommand(Service.ja va:428)

E/ActivityThread( 623): at android.app.ActivityThread.handleServiceArgs( ActivityThread.java:2160)
E/ActivityThread( 623): at android.app.ActivityThread.access$2800(Activi tyThread.java:123)
E/ActivityThread( 623): at android.app.ActivityThread$H.handleMessage(Ac tivityThread.java:1002)
E/ActivityThread( 623): at android.os.Handler.dispatchMessage(Handler.ja va:99)
E/ActivityThread( 623): at android.os.Looper.loop(Looper.java:130)
E/ActivityThread( 623): at android.app.ActivityThread.main(ActivityThrea d.java:3835)
E/ActivityThread( 623): at java.lang.reflect.Method.invokeNative(Native Method)
E/ActivityThread( 623): at java.lang.reflect.Method.invoke(Method.java:5 07)
E/ActivityThread( 623): at com.android.internal.os.ZygoteInit$MethodAndA rgsCaller.run(ZygoteInit.java:847)
E/ActivityThread( 623): at com.android.internal.os.ZygoteInit.main(Zygot eInit.java:605)
E/ActivityThread( 623): at dalvik.system.NativeStart.main(Native Method)
I/ActivityManager( 217): Start proc com.google.android.onetimeinitializer for b roadcast com.google.android.onetimeinitializer/.OneTimeInitializer: pid=653 uid= 10054 gids={}
I/ActivityManager( 217): Start proc com.cyanogenmod.cmparts for broadcast com.c yanogenmod.cmparts/.intents.LEDNotificationReceiver: pid=663 uid=1000 gids={1015 , 3002, 3001, 3003}
E/ActivityThread( 653): Failed to find provider info for com.android.launcher2. settings
I/ActivityManager( 217): Start proc com.google.android.partnersetup for broadca st com.google.android.partnersetup/.PhoneStateReceiver: pid=671 uid=10042 gids={ }
W/WindowManager( 217): Layout repeat skipped after too many iterations
W/WindowManager( 217): Layout repeat skipped after too many iterations
W/WindowManager( 217): Layout repeat skipped after too many iterations
W/WindowManager( 217): Animation repeat aborted after too many iterations
W/WindowManager( 217): Layout repeat skipped after too many iterations
W/WindowManager( 217): Layout repeat skipped after too many iterations
W/WindowManager( 217): Layout repeat skipped after too many iterations
W/WindowManager( 217): Animation repeat aborted after too many iterations
W/WindowManager( 217): Layout repeat skipped after too many iterations
W/WindowManager( 217): Layout repeat skipped after too many iterations
W/WindowManager( 217): Layout repeat skipped after too many iterations
W/WindowManager( 217): Animation repeat aborted after too many iterations
W/WindowManager( 217): Layout repeat skipped after too many iterations
W/WindowManager( 217): Layout repeat skipped after too many iterations
W/WindowManager( 217): Layout repeat skipped after too many iterations
W/WindowManager( 217): Animation repeat aborted after too many iterations
W/WindowManager( 217): Layout repeat skipped after too many iterations
W/WindowManager( 217): Layout repeat skipped after too many iterations
W/WindowManager( 217): Layout repeat skipped after too many iterations
W/WindowManager( 217): Animation repeat aborted after too many iterations
W/WindowManager( 217): Layout repeat skipped after too many iterations
W/WindowManager( 217): Layout repeat skipped after too many iterations
W/WindowManager( 217): Layout repeat skipped after too many iterations
W/WindowManager( 217): Animation repeat aborted after too many iterations
W/WindowManager( 217): Layout repeat skipped after too many iterations
W/WindowManager( 217): Layout repeat skipped after too many iterations
W/WindowManager( 217): Layout repeat skipped after too many iterations
W/WindowManager( 217): Animation repeat aborted after too many iterations
W/WindowManager( 217): Layout repeat skipped after too many iterations

W/WindowManager( 217): Layout repeat skipped after too many iterations
W/WindowManager( 217): Layout repeat skipped after too many iterations
W/WindowManager( 217): Animation repeat aborted after too many iterations
W/WindowManager( 217): Layout repeat skipped after too many iterations
W/WindowManager( 217): Layout repeat skipped after too many iterations
W/WindowManager( 217): Layout repeat skipped after too many iterations
W/WindowManager( 217): Animation repeat aborted after too many iterations
W/WindowManager( 217): Layout repeat skipped after too many iterations
W/WindowManager( 217): Layout repeat skipped after too many iterations
W/WindowManager( 217): Layout repeat skipped after too many iterations
W/WindowManager( 217): Animation repeat aborted after too many iterations
W/InputManagerService( 217): Window already focused, ignoring focus gain of: an droid.view.inputmethod.InputMethodManager$1@405c7ee0
I/ActivityManager( 217): Start proc com.android.settings for broadcast com.andr oid.settings/.widget.SettingsAppWidgetProvider: pid=684 uid=1000 gids={1015, 300 2, 3001, 3003}
I/ActivityManager( 217): Start proc com.cooliris.media for broadcast com.coolir is.media/com.cooliris.cache.BootReceiver: pid=693 uid=10029 gids={1015, 3003}
I/ActivityManager( 217): Start proc com.google.android.apps.uploader for broadc ast com.google.android.apps.uploader/.ConnectivityBroadcastReceiver: pid=702 uid =10053 gids={3003}
I/ActivityManager( 217): Starting: Intent { flg=0x10000000 cmp=com.google.andro id.gsf/.update.SystemUpdateInstallDialog } from pid 447
I/ActivityManager( 217): Starting: Intent { cmp=com.android.settings/.LocalePic kerInSetupWizard } from pid 422
I/ActivityManager( 217): Force stopping package com.android.vending uid=10057
W/ActivityManager( 217): Scheduling restart of crashed service com.android.vend ing/.util.AlarmService in 5000ms
I/ActivityManager( 217): Force stopping package com.google.android.apps.books u id=10000
W/BackupManagerService( 217): dataChanged but no participant pkg='com.android.p roviders.settings' uid=10025
I/ActivityManager( 217): Config changed: { scale=1.0 imsi=268/6 loc=hd_US touch =3 keys=1/1/2 nav=1/1 orien=1 layout=34 uiMode=17 seq=4 themeResource=null}
I/TelephonyRegistry( 217): notifyDataConnection: state=0 isDataConnectivityPoss ible=false reason=simLoaded interfaceName=null networkType=1
I/ActivityManager( 217): Force stopping package com.google.android.partnersetup uid=10042
I/TelephonyRegistry( 217): notifyServiceState: 0 home P TMN P TMN 26806 GPRS C SS not supported -1 -1RoamInd: -1DefRoamInd: -1EmergOnly: false
I/ActivityManager( 217): Config changed: { scale=1.0 imsi=268/6 loc=en_GB touch =3 keys=1/1/2 nav=1/1 orien=1 layout=34 uiMode=17 seq=5 themeResource=null}
W/BackupManagerService( 217): dataChanged but no participant pkg='com.android.p roviders.settings' uid=10025
I/TelephonyRegistry( 217): notifyServiceState: 0 home P TMN P TMN 26806 EDGE C SS not supported -1 -1RoamInd: -1DefRoamInd: -1EmergOnly: false
I/TelephonyRegistry( 217): notifyDataConnection: state=0 isDataConnectivityPoss ible=false reason=null interfaceName=null networkType=2
I/TelephonyRegistry( 217): notifyDataConnection: state=0 isDataConnectivityPoss ible=false reason=gprsAttached interfaceName=null networkType=2
I/TelephonyRegistry( 217): notifyDataConnection: state=1 isDataConnectivityPoss ible=true reason=gprsAttached interfaceName=null networkType=2
I/TelephonyRegistry( 217): notifyDataConnection: state=2 isDataConnectivityPoss ible=true reason=gprsAttached interfaceName=pdp0 networkType=2
I/ActivityManager( 217): Starting: Intent { act=com.google.android.accounts.Cho oseAccount cmp=com.google.android.gsf/.login.ChooseAccountActivity (has extras) } from pid 422
W/BackupManagerService( 217): dataChanged but no participant pkg='com.android.p roviders.settings' uid=10025
I/TelephonyRegistry( 217): notifyDataConnection: state=0 isDataConnectivityPoss

ible=false reason=apnChanged interfaceName=pdp0 networkType=2
I/TelephonyRegistry( 217): notifyDataConnection: state=1 isDataConnectivityPoss ible=true reason=apnChanged interfaceName=pdp0 networkType=2
I/ActivityManager( 217): Starting: Intent { cmp=com.google.android.gsf/.login.L oginActivity } from pid 447
I/TelephonyRegistry( 217): notifyDataConnection: state=2 isDataConnectivityPoss ible=true reason=apnChanged interfaceName=pdp0 networkType=2
I/ActivityManager( 217): Start proc com.google.android.partnersetup for broadca st com.google.android.partnersetup/.GservicesChangedReceiver: pid=746 uid=10042 gids={}
I/ActivityManager( 217): Starting: Intent { flg=0x10000000 cmp=com.google.andro id.gsf/.update.SystemUpdateInstallDialog } from pid 447
W/InputManagerService( 217): Window already focused, ignoring focus gain of: co m.android.internal.view.IInputMethodClient$Stub$Proxy@408128b0
I/ActivityManager( 217): Force stopping package com.android.vending uid=10057
I/ActivityManager( 217): No longer want com.android.bluetooth (pid 511): hidden #16
I/ActivityManager( 217): Starting: Intent { cmp=com.google.android.gsf/.login.L oginActivityTask } from pid 447
I/ActivityManager( 217): Start proc com.teamdouche.pacman for broadcast com.tea mdouche.pacman/.PacmanReciever: pid=762 uid=10038 gids={}
I/ActivityManager( 217): Starting: Intent { cmp=com.google.android.gsf/.login.C loseAndLaunchActivity (has extras) } from pid 447
I/ActivityManager( 217): Starting: Intent { cmp=com.google.android.gsf/.login.L ocationSharingActivity } from pid 447
I/ActivityManager( 217): Starting: Intent { act=com.teamdouche.pacman.StartupAc tivity flg=0x10800000 cmp=com.teamdouche.pacman/.StartupActivity } from pid 762
I/ActivityManager( 217): No longer want com.android.mms (pid 591): hidden #16
I/ActivityManager( 217): Starting: Intent { flg=0x10000000 cmp=com.google.andro id.gsf/.update.SystemUpdateInstallDialog } from pid 447
I/ActivityManager( 217): Starting: Intent { cmp=com.teamdouche.pacman/.Download Activity } from pid 762
I/ActivityManager( 217): Force stopping package com.teamdouche.pacman uid=10038
I/WindowManager( 217): WIN DEATH: Window{407cf0b8 com.teamdouche.pacman/com.tea mdouche.pacman.StartupActivity paused=false}
I/WindowManager( 217): WIN DEATH: Window{4085b970 com.teamdouche.pacman/com.tea mdouche.pacman.DownloadActivity paused=false}
W/InputManagerService( 217): Got RemoteException sending setActive(false) notif ication to pid 762 uid 10038
I/ActivityManager( 217): Starting: Intent { act=android.intent.action.BACKUP_CO NSENT cmp=com.android.setupwizard/.BackupConsentActivity (has extras) } from pid 447
I/BackupManagerService( 217): Backup enabled => false
I/ActivityManager( 217): Starting: Intent { cmp=com.google.android.gsf/.login.S yncIntroActivity } from pid 447
I/ActivityManager( 217): Start proc com.android.vending for broadcast com.andro id.vending/.MarketWidgetProvider: pid=778 uid=10057 gids={1015, 3003}
I/ActivityManager( 217): Starting: Intent { flg=0x4000000 cmp=com.google.androi d.gsf/.login.ChooseAccountActivity (has extras) } from pid 447
I/ActivityManager( 217): Starting: Intent { cmp=com.android.setupwizard/.CloseA ndLaunchActivity } from pid 422
W/InputManagerService( 217): Starting input on non-focused client com.android.i nternal.view.IInputMethodClient$Stub$Proxy@405fa7d0 (uid=10055 pid=422)
W/InputManagerService( 217): Client not active, ignoring focus gain of: com.and roid.internal.view.IInputMethodClient$Stub$Proxy@40805768
I/ActivityManager( 217): Starting: Intent { cmp=com.android.settings/.DateTimeS ettingsSetupWizard } from pid 422
W/InputManagerService( 217): Starting input on non-focused client com.android.i nternal.view.IInputMethodClient$Stub$Proxy@405fa7d0 (uid=10055 pid=422)
W/InputManagerService( 217): Client not active, ignoring focus gain of: com.and

roid.internal.view.IInputMethodClient$Stub$Proxy@4051ce48
I/ActivityManager( 217): Starting: Intent { cmp=com.android.settings/.ZoneList } from pid 684
E/ThrottleService( 217): Error reading data file
I/ActivityManager( 217): Starting: Intent { act=android.intent.action.MAIN cat= [android.intent.category.HOME] flg=0x10200000 cmp=com.android.launcher/.Launcher } from pid 422
I/ActivityManager( 217): Process com.android.setupwizard (pid 422) has died.
I/WindowManager( 217): WIN DEATH: Window{40818c58 com.android.setupwizard/com.a ndroid.setupwizard.SetupWizardActivity paused=false}
I/WindowManager( 217): WIN DEATH: Window{407cf7a0 com.android.setupwizard/com.a ndroid.setupwizard.CloseAndLaunchActivity paused=true}
I/ActivityManager( 217): Start proc com.android.launcher for activity com.andro id.launcher/.Launcher: pid=826 uid=10002 gids={1015}
I/ActivityManager( 217): Start proc com.google.android.googlequicksearchbox for broadcast com.google.android.googlequicksearchbox/.SearchWidgetProvider: pid=83 6 uid=10043 gids={3003}
I/ActivityManager( 217): Start proc com.android.protips for broadcast com.andro id.protips/.ProtipWidget: pid=846 uid=10040 gids={}
I/ActivityManager( 217): No longer want com.android.email (pid 577): hidden #16
I/ActivityManager( 217): Start proc com.android.music for broadcast com.android .music/.MediaAppWidgetProvider4x2: pid=856 uid=10036 gids={3003, 1015}
I/ActivityManager( 217): No longer want com.google.android.onetimeinitializer ( pid 653): hidden #16
I/ActivityManager( 217): No longer want com.koushikdutta.rommanager (pid 623): hidden #16
I/ActivityManager( 217): Starting: Intent { act=android.intent.action.CHOOSER c mp=android/com.android.internal.app.ChooserActivity (has extras) } from pid 826
W/InputManagerService( 217): Window already focused, ignoring focus gain of: co m.android.internal.view.IInputMethodClient$Stub$Proxy@408c0ca8
I/ActivityManager( 217): Starting: Intent { act=android.intent.action.SET_WALLP APER flg=0x3000000 cmp=com.cyanogenmod.CMWallpapers/.NoWallpaper } from pid 826
I/ActivityManager( 217): Start proc com.cyanogenmod.CMWallpapers for activity c om.cyanogenmod.CMWallpapers/.NoWallpaper: pid=875 uid=10012 gids={}
I/ActivityManager( 217): No longer want com.cyanogenmod.cmparts (pid 663): hidd en #16
W/InputManagerService( 217): Window already focused, ignoring focus gain of: co m.android.internal.view.IInputMethodClient$Stub$Proxy@407e0ff0
I/ActivityManager( 217): No longer want com.google.android.apps.uploader (pid 7 02): hidden #16
I/ActivityManager( 217): Starting: Intent { cmp=com.cyanogenmod.stats/.MainActi vity bnds=[0,225][480,321] } from pid -1
W/ActivityManager( 217): startActivity called from non-Activity context; forcin g Intent.FLAG_ACTIVITY_NEW_TASK for: Intent { cmp=com.cyanogenmod.stats/.MainAct ivity bnds=[0,225][480,321] }
W/InputManagerService( 217): Window already focused, ignoring focus gain of: co m.android.internal.view.IInputMethodClient$Stub$Proxy@405fec40
I/ActivityManager( 217): Starting: Intent { act=android.settings.SETTINGS flg=0 x10200000 cmp=com.android.settings/.Settings } from pid 826
I/ActivityManager( 217): Starting: Intent { act=android.intent.action.MAIN cmp= com.android.settings/.DeviceInfoSettings } from pid 684
I/ActivityManager( 217): Starting: Intent { act=android.intent.action.MAIN cmp= com.android.settings/.deviceinfo.Memory } from pid 684
I/ActivityManager( 217): Starting: Intent { act=android.intent.action.MAIN cmp= com.android.settings/.WirelessSettings } from pid 684
I/ActivityManager( 217): Starting: Intent { act=android.intent.action.MAIN cmp= com.cyanogenmod.cmparts/.activities.MainActivity } from pid 684
I/ActivityManager( 217): Start proc com.cyanogenmod.cmparts for activity com.cy anogenmod.cmparts/.activities.MainActivity: pid=890 uid=1000 gids={1015, 3002, 3 001, 3003}

--------- beginning of /dev/log/main
D/szipinf ( 890): Initializing inflate state
I/ActivityThread( 890): Pub com.cyanogenmod.cmparts.provider.Settings: com.cyan ogenmod.cmparts.provider.SettingsProvider
D/dalvikvm( 890): GC_EXTERNAL_ALLOC freed 51K, 50% free 2700K/5379K, external 0 K/0K, paused 26ms
I/ActivityManager( 217): Displayed com.cyanogenmod.cmparts/.activities.MainActi vity: +260ms
I/ActivityManager( 217): Starting: Intent { act=android.intent.action.MAIN cmp= com.cyanogenmod.cmparts/.activities.ApplicationActivity } from pid 890
D/dalvikvm( 890): GC_EXTERNAL_ALLOC freed 70K, 48% free 2851K/5447K, external 5 15K/519K, paused 19ms
I/ActivityManager( 217): Displayed com.cyanogenmod.cmparts/.activities.Applicat ionActivity: +352ms
D/dalvikvm( 401): GC_EXPLICIT freed 43K, 50% free 2717K/5379K, external 4096K/7 096K, paused 56ms
I/ActivityManager( 217): Starting: Intent { act=android.intent.action.MAIN cmp= com.android.settings/.WirelessSettings } from pid 684
I/ActivityManager( 217): Displayed com.android.settings/.WirelessSettings: +257 ms
D/dalvikvm( 684): GC_EXTERNAL_ALLOC freed 96K, 47% free 3182K/5959K, external 1 197K/1265K, paused 22ms
I/ActivityManager( 217): Starting: Intent { act=android.intent.action.MAIN cmp= com.android.phone/.Settings } from pid 684
D/szipinf ( 217): Initializing inflate state
I/ActivityManager( 217): No longer want com.cyanogenmod.android.fotakill (pid 5 53): hidden #16
D/dalvikvm( 421): GC_EXTERNAL_ALLOC freed 170K, 49% free 3216K/6279K, external 0K/0K, paused 26ms
I/Use2GOnlyCheckBoxPreference( 421): get preferred network type=1
D/dalvikvm( 421): GC_EXTERNAL_ALLOC freed 37K, 49% free 3247K/6279K, external 5 06K/519K, paused 21ms
I/ActivityManager( 217): Displayed com.android.phone/.Settings: +437ms
D/GsmUmtsOptions( 421): preferenceTreeClick: return false
D/NetworkSettings( 421): onPreferenceTreeClick: preference == mButtonDataEnable d.
D/SettingsAppWidgetProvider( 684): Widget is from a previous version... Let's u pdate
D/SettingsAppWidgetProvider( 684): No instances yet... Wait for at least one in stance to exist before adding global settings
W/InputManagerService( 217): Starting input on non-focused client com.android.i nternal.view.IInputMethodClient$Stub$Proxy@408cd6b0 (uid=1001 pid=421)
E/Tethering( 217): attempting to remove unknown iface (pdp0), ignoring
I/TelephonyRegistry( 217): notifyDataConnection: state=0 isDataConnectivityPoss ible=true reason=dataDisabled interfaceName=pdp0 networkType=2
D/NetUtils( 217): failed to remove default route for pdp0: No such device
D/GTalkService( 447): lost connectivity, notify
D/CMStats ( 530): CONNECTIVITY_ACTION: noConnectivity = true
I/ActivityManager( 217): Start proc com.google.android.apps.uploader for broadc ast com.google.android.apps.uploader/.ConnectivityBroadcastReceiver: pid=905 uid =10053 gids={3003}
D/Tethering( 217): MasterInitialState.processMessage what=3
I/ActivityThread( 905): Pub com.google.android.apps.uploader: com.google.androi d.apps.uploader.UploadsContentProvider
I/ActivityThread( 905): Pub com.google.photos.provider.Album: com.google.androi d.apps.uploader.clients.picasa.AlbumProvider
D/MediaUploader( 905): UploaderApplication.onCreate
D/MediaUploader( 905): nonWifiLimit=20971520, default=20971520
I/MediaUploader( 905): No need to wake up
D/Smack ( 447): [XMPPConn] close connection, notifyClosed=false

W/Smack/Packet( 447): notify conn break (IOEx), close connection
D/dalvikvm( 684): GC_EXTERNAL_ALLOC freed 108K, 49% free 3097K/5959K, external 1467K/1529K, paused 22ms
I/ActivityManager( 217): Starting: Intent { act=android.intent.action.MAIN cmp= com.android.settings/.DeviceInfoSettings } from pid 684
I/ActivityManager( 217): Displayed com.android.settings/.DeviceInfoSettings: +3 02ms
D/dalvikvm( 684): GC_EXTERNAL_ALLOC freed 207K, 48% free 3104K/5959K, external 1203K/1265K, paused 21ms
D/dalvikvm( 477): GC_EXPLICIT freed 717K, 53% free 3098K/6535K, external 0K/0K, paused 59ms
I/ActivityManager( 217): Starting: Intent { cmp=com.android.providers.subscribe dfeeds/com.android.settings.ManageAccountsSettings } from pid 684
D/szipinf ( 217): Initializing inflate state
I/ActivityManager( 217): No longer want com.google.android.partnersetup (pid 74 6): hidden #16
I/ActivityManager( 217): Displayed com.android.providers.subscribedfeeds/com.an droid.settings.ManageAccountsSettings: +339ms
W/InputManagerService( 217): Starting input on non-focused client android.view. inputmethod.InputMethodManager$1@405c7ee0 (uid=1000 pid=217)
I/ActivityManager( 217): Starting: Intent { act=android.intent.action.MAIN cmp= com.android.settings/.ApplicationSettings } from pid 684
I/ActivityManager( 217): Displayed com.android.settings/.ApplicationSettings: + 280ms
W/InputManagerService( 217): Window already focused, ignoring focus gain of: co m.android.internal.view.IInputMethodClient$Stub$Proxy@408f4cc0
I/ActivityManager( 217): Starting: Intent { act=android.intent.action.MAIN cmp= com.android.settings/.ManageApplications } from pid 684
D/szipinf ( 684): Initializing inflate state
D/szipinf ( 684): Initializing inflate state
D/szipinf ( 684): Initializing inflate state
D/szipinf ( 684): Initializing inflate state
D/szipinf ( 684): Initializing inflate state
D/szipinf ( 684): Initializing inflate state
D/szipinf ( 684): Initializing inflate state
D/szipinf ( 684): Initializing inflate state
D/szipinf ( 684): Initializing inflate state
D/szipinf ( 684): Initializing inflate state
D/szipinf ( 684): Initializing inflate state
D/szipinf ( 684): Initializing inflate state
D/szipinf ( 684): Initializing inflate state
D/szipinf ( 684): Initializing inflate state
D/szipinf ( 684): Initializing inflate state
I/ActivityManager( 217): Displayed com.android.settings/.ManageApplications: +4 03ms
D/szipinf ( 684): Initializing inflate state
D/szipinf ( 684): Initializing inflate state
D/szipinf ( 684): Initializing inflate state
D/szipinf ( 684): Initializing inflate state
D/szipinf ( 684): Initializing inflate state
D/szipinf ( 684): Initializing inflate state
D/szipinf ( 684): Initializing inflate state
D/szipinf ( 684): Initializing inflate state
D/dalvikvm( 684): GC_CONCURRENT freed 362K, 47% free 3378K/6279K, external 1262 K/1265K, paused 2ms+2ms
D/dalvikvm( 684): GC_EXTERNAL_ALLOC freed 1K, 47% free 3377K/6279K, external 12 62K/1265K, paused 24ms
D/szipinf ( 684): Initializing inflate state
D/szipinf ( 684): Initializing inflate state
D/szipinf ( 684): Initializing inflate state

D/szipinf ( 684): Initializing inflate state
D/szipinf ( 684): Initializing inflate state
D/szipinf ( 684): Initializing inflate state
D/szipinf ( 684): Initializing inflate state
D/szipinf ( 684): Initializing inflate state
D/szipinf ( 684): Initializing inflate state
D/szipinf ( 684): Initializing inflate state
D/szipinf ( 684): Initializing inflate state
D/szipinf ( 684): Initializing inflate state
D/dalvikvm( 684): GC_EXTERNAL_ALLOC freed 95K, 47% free 3342K/6279K, external 1 768K/1785K, paused 24ms
D/szipinf ( 684): Initializing inflate state
D/szipinf ( 684): Initializing inflate state
D/szipinf ( 684): Initializing inflate state
D/szipinf ( 684): Initializing inflate state
D/szipinf ( 684): Initializing inflate state
D/dalvikvm( 217): GC_CONCURRENT freed 1561K, 44% free 5315K/9415K, external 553 9K/5770K, paused 2ms+4ms
D/dalvikvm( 522): GC_EXPLICIT freed 122K, 51% free 2862K/5831K, external 0K/0K, paused 50ms
D/dalvikvm( 684): GC_EXTERNAL_ALLOC freed 173K, 46% free 3413K/6279K, external 2298K/2300K, paused 28ms
D/dalvikvm( 684): GC_EXTERNAL_ALLOC freed 89K, 48% free 3324K/6279K, external 2 620K/2710K, paused 24ms
I/ActivityManager( 217): Starting: Intent { act=android.intent.action.MAIN cmp= com.android.settings/.DeviceInfoSettings } from pid 684
I/ActivityManager( 217): Displayed com.android.settings/.DeviceInfoSettings: +3 30ms
D/dalvikvm( 684): GC_EXTERNAL_ALLOC freed 115K, 47% free 3390K/6279K, external 2620K/2710K, paused 72ms
D/dalvikvm( 684): GC_EXTERNAL_ALLOC freed 16K, 46% free 3397K/6279K, external 3 088K/3160K, paused 28ms
D/dalvikvm( 684): GC_EXTERNAL_ALLOC freed 24K, 47% free 3380K/6279K, external 2 800K/2822K, paused 23ms
D/dalvikvm( 684): GC_EXTERNAL_ALLOC freed 100K, 48% free 3322K/6279K, external 2890K/2935K, paused 25ms
D/dalvikvm( 530): GC_EXPLICIT freed 124K, 49% free 2745K/5379K, external 410K/5 19K, paused 65ms
I/ActivityManager( 217): Starting: Intent { act=com.android.launcher.action.lau ncheraction flg=0x10000000 cmp=com.android.launcher/.CustomShirtcutActivity bnds =[192,723][288,800] (has extras) } from pid 826
W/InputManagerService( 217): Window already focused, ignoring focus gain of: co m.android.internal.view.IInputMethodClient$Stub$Proxy@405c66a0
I/ActivityManager( 217): Starting: Intent { act=android.settings.SETTINGS flg=0 x10200000 cmp=com.android.settings/.Settings } from pid 826
I/ActivityManager( 217): Displayed com.android.settings/.Settings: +366ms (tota l +2s756ms)
I/ActivityManager( 217): Starting: Intent { act=android.intent.action.MAIN cmp= com.android.settings/.DisplaySettings } from pid 684
I/ActivityManager( 217): Displayed com.android.settings/.DisplaySettings: +269m s
W/InputManagerService( 217): Window already focused, ignoring focus gain of: co m.android.internal.view.IInputMethodClient$Stub$Proxy@40892fd8
D/Sensors ( 217): Smb380Sensor::~enable(0, 0)
D/Sensors ( 217): Smb380Sensor::~enable(0, 0) open /sys/class/input/event1/devi ce/enable
D/Sensors ( 217): Smb380Sensor::~enable(0, 0) opened /sys/class/input/event1/de vice/enable
D/dalvikvm( 684): GC_EXTERNAL_ALLOC freed 158K, 45% free 3501K/6279K, external 2678K/2710K, paused 25ms

I/ActivityManager( 217): Starting: Intent { act=android.intent.action.MAIN cmp= com.android.settings/.DeviceInfoSettings } from pid 684
I/ActivityManager( 217): Displayed com.android.settings/.DeviceInfoSettings: +1 41ms
D/dalvikvm( 684): GC_EXTERNAL_ALLOC freed 318K, 46% free 3398K/6279K, external 2644K/2710K, paused 23ms
D/dalvikvm( 684): GC_EXTERNAL_ALLOC freed 13K, 46% free 3408K/6279K, external 3 112K/3190K, paused 28ms
I/ActivityManager( 217): Starting: Intent { act=android.intent.action.MAIN cmp= com.android.settings/.deviceinfo.Status } from pid 684
I/dalvikvm( 421): Total arena pages for JIT: 11
D/szipinf ( 421): Initializing inflate state
D/dalvikvm( 421): GC_EXTERNAL_ALLOC freed 105K, 46% free 3407K/6279K, external 713K/1034K, paused 25ms
I/ActivityManager( 217): Displayed com.android.settings/.deviceinfo.Status: +32 8ms
W/InputManagerService( 217): Starting input on non-focused client com.android.i nternal.view.IInputMethodClient$Stub$Proxy@408cd6b0 (uid=1001 pid=421)
I/ActivityManager( 217): Starting: Intent { act=android.intent.action.MAIN cmp= com.android.settings/.fuelgauge.PowerUsageSummary } from pid 684
D/szipinf ( 684): Initializing inflate state
I/ActivityManager( 217): Displayed com.android.settings/.fuelgauge.PowerUsageSu mmary: +249ms
D/dalvikvm( 684): GC_CONCURRENT freed 254K, 43% free 3701K/6471K, external 2612 K/3078K, paused 2ms+2ms
D/dalvikvm( 684): GC_EXTERNAL_ALLOC freed 118K, 44% free 3680K/6471K, external 2972K/3078K, paused 25ms
D/dalvikvm( 684): GC_EXTERNAL_ALLOC freed 31K, 44% free 3654K/6471K, external 2 972K/3037K, paused 25ms
I/ActivityManager( 217): Starting: Intent { act=android.intent.action.MAIN cmp= com.android.settings/.WirelessSettings } from pid 684
I/ActivityManager( 217): Displayed com.android.settings/.WirelessSettings: +161 ms
D/dalvikvm( 684): GC_EXTERNAL_ALLOC freed 152K, 44% free 3678K/6471K, external 2917K/2924K, paused 26ms
I/ActivityManager( 217): Starting: Intent { act=com.android.launcher.action.lau ncheraction flg=0x10000000 cmp=com.android.launcher/.CustomShirtcutActivity bnds =[192,723][288,800] (has extras) } from pid 826
W/InputManagerService( 217): Window already focused, ignoring focus gain of: co m.android.internal.view.IInputMethodClient$Stub$Proxy@407e09a8
D/SettingsAppWidgetProvider( 684): Widget is from a previous version... Let's u pdate
D/SettingsAppWidgetProvider( 684): No instances yet... Wait for at least one in stance to exist before adding global settings
D/Tethering( 217): eth0 is not a tetherable iface, ignoring
D/WifiService( 217): ACTION_BATTERY_CHANGED pluggedType: 0
D/SettingsAppWidgetProvider( 684): Widget is from a previous version... Let's u pdate
D/SettingsAppWidgetProvider( 684): No instances yet... Wait for at least one in stance to exist before adding global settings
V/WifiStateTracker( 217): Connection to supplicant established, state=DISCONNEC TED
E/ConnectivityService( 217): not failing over to mobile type 0 because Mobile D ata Disabled
D/Tethering( 217): MasterInitialState.processMessage what=3
D/GTalkService( 447): lost connectivity, notify
D/CMStats ( 530): CONNECTIVITY_ACTION: noConnectivity = true
I/MediaUploader( 905): No need to wake up
I/wpa_supplicant( 943): CTRL-EVENT-STATE-CHANGE id=-1 state=2 BSSID=00:00:00:00 :00:00

V/WifiMonitor( 217): Event [CTRL-EVENT-STATE-CHANGE id=-1 state=2 BSSID=00:00:0 0:00:00:00]
V/WifiStateTracker( 217): Changing supplicant state: DISCONNECTED ==> SCANNING
I/wpa_supplicant( 943): CTRL-EVENT-STATE-CHANGE id=-1 state=1 BSSID=00:00:00:00 :00:00
V/WifiMonitor( 217): Event [CTRL-EVENT-STATE-CHANGE id=-1 state=1 BSSID=00:00:0 0:00:00:00]
V/WifiStateTracker( 217): Changing supplicant state: SCANNING ==> INACTIVE
W/InputManagerService( 217): Window already focused, ignoring focus gain of: co m.android.internal.view.IInputMethodClient$Stub$Proxy@4090fa18
D/dalvikvm( 541): GC_EXPLICIT freed 129K, 51% free 2809K/5639K, external 0K/0K, paused 56ms
I/ActivityManager( 217): Starting: Intent { act=android.settings.SETTINGS flg=0 x10200000 cmp=com.android.settings/.Settings } from pid 826
I/ActivityManager( 217): Displayed com.android.settings/.Settings: +94ms (total +13s906ms)
D/dalvikvm( 684): GC_EXTERNAL_ALLOC freed 77K, 43% free 3722K/6471K, external 2 972K/3037K, paused 26ms
I/dalvikvm( 684): Jit: resizing JitTable from 4096 to 8192
I/ActivityManager( 217): Starting: Intent { act=android.intent.action.MAIN cmp= com.android.settings/.WirelessSettings } from pid 684
I/ActivityManager( 217): Displayed com.android.settings/.WirelessSettings: +121 ms
D/dalvikvm( 684): GC_EXTERNAL_ALLOC freed 252K, 44% free 3644K/6471K, external 2917K/2924K, paused 27ms
I/ActivityManager( 217): Starting: Intent { act=android.intent.action.MAIN cmp= com.android.settings/.wifi.WifiSettings } from pid 684
I/wpa_supplicant( 943): CTRL-EVENT-STATE-CHANGE id=-1 state=2 BSSID=00:00:00:00 :00:00
V/WifiMonitor( 217): Event [CTRL-EVENT-STATE-CHANGE id=-1 state=2 BSSID=00:00:0 0:00:00:00]
V/WifiStateTracker( 217): Changing supplicant state: INACTIVE ==> SCANNING
I/ActivityManager( 217): Displayed com.android.settings/.wifi.WifiSettings: +16 6ms
I/wpa_supplicant( 943): CTRL-EVENT-STATE-CHANGE id=-1 state=1 BSSID=00:00:00:00 :00:00
V/WifiMonitor( 217): Event [CTRL-EVENT-STATE-CHANGE id=-1 state=1 BSSID=00:00:0 0:00:00:00]
V/WifiStateTracker( 217): Changing supplicant state: SCANNING ==> INACTIVE
I/ActivityManager( 217): Starting: Intent { cmp=com.android.settings/.wifi.Adva ncedSettings } from pid 684
I/ActivityManager( 217): Displayed com.android.settings/.wifi.AdvancedSettings: +192ms
W/InputManagerService( 217): Window already focused, ignoring focus gain of: co m.android.internal.view.IInputMethodClient$Stub$Proxy@4080d578
I/wpa_supplicant( 943): CTRL-EVENT-STATE-CHANGE id=-1 state=2 BSSID=00:00:00:00 :00:00
V/WifiMonitor( 217): Event [CTRL-EVENT-STATE-CHANGE id=-1 state=2 BSSID=00:00:0 0:00:00:00]
V/WifiStateTracker( 217): Changing supplicant state: INACTIVE ==> SCANNING
I/wpa_supplicant( 943): CTRL-EVENT-STATE-CHANGE id=-1 state=1 BSSID=00:00:00:00 :00:00
V/WifiMonitor( 217): Event [CTRL-EVENT-STATE-CHANGE id=-1 state=1 BSSID=00:00:0 0:00:00:00]
V/WifiStateTracker( 217): Changing supplicant state: SCANNING ==> INACTIVE
D/dalvikvm( 561): GC_EXPLICIT freed 115K, 50% free 2729K/5379K, external 0K/0K, paused 73ms
I/wpa_supplicant( 943): CTRL-EVENT-STATE-CHANGE id=-1 state=2 BSSID=00:00:00:00 :00:00
V/WifiMonitor( 217): Event [CTRL-EVENT-STATE-CHANGE id=-1 state=2 BSSID=00:00:0

0:00:00:00]
V/WifiStateTracker( 217): Changing supplicant state: INACTIVE ==> SCANNING
I/wpa_supplicant( 943): CTRL-EVENT-STATE-CHANGE id=-1 state=1 BSSID=00:00:00:00 :00:00
V/WifiMonitor( 217): Event [CTRL-EVENT-STATE-CHANGE id=-1 state=1 BSSID=00:00:0 0:00:00:00]
V/WifiStateTracker( 217): Changing supplicant state: SCANNING ==> INACTIVE
D/dalvikvm( 684): GC_EXTERNAL_ALLOC freed 618K, 45% free 3934K/7047K, external 3145K/3149K, paused 29ms
D/LatinIME( 402): mLongPressDelay = 400
D/LatinKeyboardBaseView( 402): mLongPressDelay = 400
D/PointerTracker( 402): mLongPressKeyTimeout = 400
D/PointerTracker( 402): mLongPressKeyTimeout = 400
I/wpa_supplicant( 943): CTRL-EVENT-STATE-CHANGE id=-1 state=2 BSSID=00:00:00:00 :00:00
V/WifiMonitor( 217): Event [CTRL-EVENT-STATE-CHANGE id=-1 state=2 BSSID=00:00:0 0:00:00:00]
V/WifiStateTracker( 217): Changing supplicant state: INACTIVE ==> SCANNING
I/wpa_supplicant( 943): CTRL-EVENT-STATE-CHANGE id=-1 state=1 BSSID=00:00:00:00 :00:00
V/WifiMonitor( 217): Event [CTRL-EVENT-STATE-CHANGE id=-1 state=1 BSSID=00:00:0 0:00:00:00]
V/WifiStateTracker( 217): Changing supplicant state: SCANNING ==> INACTIVE
D/szipinf ( 217): Initializing inflate state
D/WifiService( 217): ACTION_BATTERY_CHANGED pluggedType: 0
W/KeyCharacterMap( 684): Can't open keycharmap file
W/KeyCharacterMap( 684): Error loading keycharmap file '/system/usr/keychars/ar ies-keypad.kcm.bin'. hw.keyboards.0.devname='aries-keypad'
W/KeyCharacterMap( 684): Using default keymap: /system/usr/keychars/qwerty.kcm. bin
I/wpa_supplicant( 943): CTRL-EVENT-STATE-CHANGE id=-1 state=2 BSSID=00:00:00:00 :00:00
V/WifiMonitor( 217): Event [CTRL-EVENT-STATE-CHANGE id=-1 state=2 BSSID=00:00:0 0:00:00:00]
V/WifiStateTracker( 217): Changing supplicant state: INACTIVE ==> SCANNING
I/wpa_supplicant( 943): CTRL-EVENT-STATE-CHANGE id=-1 state=1 BSSID=00:00:00:00 :00:00
V/WifiMonitor( 217): Event [CTRL-EVENT-STATE-CHANGE id=-1 state=1 BSSID=00:00:0 0:00:00:00]
